Last updated on 2024-08-16 09:49:11 CEST.
Flavor | Version | Tinstall | Tcheck | Ttotal | Status | Flags |
---|---|---|---|---|---|---|
r-devel-linux-x86_64-debian-clang | 0.1-2 | 2189.73 | 271.43 | 2461.16 | NOTE | |
r-devel-linux-x86_64-debian-gcc | 0.1-2 | 1860.18 | 353.96 | 2214.14 | NOTE | |
r-devel-linux-x86_64-fedora-clang | 0.1-2 | 3590.87 | NOTE | |||
r-devel-linux-x86_64-fedora-gcc | 0.1-2 | 5676.07 | NOTE | |||
r-devel-windows-x86_64 | 0.1-2 | 1923.00 | 467.00 | 2390.00 | NOTE | |
r-patched-linux-x86_64 | 0.1-2 | 2496.10 | 481.84 | 2977.94 | NOTE | |
r-release-linux-x86_64 | 0.1-2 | 2467.89 | 480.01 | 2947.90 | NOTE | |
r-release-macos-arm64 | 0.1-2 | 886.00 | NOTE | |||
r-release-macos-x86_64 | 0.1-2 | 702.00 | NOTE | |||
r-release-windows-x86_64 | 0.1-2 | 1940.00 | 471.00 | 2411.00 | NOTE | |
r-oldrel-macos-arm64 | 0.1-2 | 876.00 | NOTE | |||
r-oldrel-macos-x86_64 | 0.1-2 | 830.00 | NOTE | |||
r-oldrel-windows-x86_64 | 0.1-2 | 2697.00 | 580.00 | 3277.00 | NOTE |
Version: 0.1-2
Check: for GNU extensions in Makefiles
Result: NOTE
GNU make is a SystemRequirements.
Flavors: r-devel-linux-x86_64-debian-clang, r-devel-linux-x86_64-debian-gcc, r-devel-linux-x86_64-fedora-clang, r-devel-linux-x86_64-fedora-gcc, r-devel-windows-x86_64, r-patched-linux-x86_64, r-release-linux-x86_64, r-release-macos-arm64, r-release-macos-x86_64, r-release-windows-x86_64, r-oldrel-macos-arm64, r-oldrel-macos-x86_64, r-oldrel-windows-x86_64
Version: 0.1-2
Check: installed package size
Result: NOTE
installed size is 20.5Mb
sub-directories of 1Mb or more:
libs 19.7Mb
Flavors: r-devel-linux-x86_64-fedora-clang, r-devel-windows-x86_64, r-release-macos-arm64, r-release-macos-x86_64, r-release-windows-x86_64, r-oldrel-macos-arm64, r-oldrel-macos-x86_64, r-oldrel-windows-x86_64
Version: 0.1-2
Check: dependencies in R code
Result: NOTE
Namespaces in Imports field not imported from:
‘RcppParallel’ ‘rstantools’
All declared Imports should be used.
Flavors: r-devel-linux-x86_64-fedora-clang, r-devel-linux-x86_64-fedora-gcc