Last updated on 2024-08-15 20:48:21 CEST.
Flavor | Version | Tinstall | Tcheck | Ttotal | Status | Flags |
---|---|---|---|---|---|---|
r-devel-linux-x86_64-debian-clang | 0.1.0 | 2.26 | 48.57 | 50.83 | NOTE | |
r-devel-linux-x86_64-debian-gcc | 0.1.0 | 1.75 | 34.71 | 36.46 | NOTE | |
r-devel-linux-x86_64-fedora-clang | 0.1.0 | 85.66 | NOTE | |||
r-devel-linux-x86_64-fedora-gcc | 0.1.0 | 94.63 | NOTE | |||
r-devel-windows-x86_64 | 0.1.0 | 4.00 | 74.00 | 78.00 | NOTE | |
r-patched-linux-x86_64 | 0.1.0 | 2.51 | 45.69 | 48.20 | NOTE | |
r-release-linux-x86_64 | 0.1.0 | 2.24 | 46.06 | 48.30 | NOTE | |
r-release-macos-arm64 | 0.1.0 | 46.00 | NOTE | |||
r-release-macos-x86_64 | 0.1.0 | 58.00 | NOTE | |||
r-release-windows-x86_64 | 0.1.0 | 4.00 | 74.00 | 78.00 | NOTE | |
r-oldrel-macos-arm64 | 0.1.0 | 40.00 | OK | |||
r-oldrel-macos-x86_64 | 0.1.0 | 50.00 | OK | |||
r-oldrel-windows-x86_64 | 0.1.0 | 4.00 | 78.00 | 82.00 | OK |
Version: 0.1.0
Check: Rd files
Result: NOTE
checkRd: (-1) lawdata.Rd:15: Lost braces in \itemize; meant \describe ?
checkRd: (-1) lawdata.Rd:16: Lost braces in \itemize; meant \describe ?
checkRd: (-1) lawdata.Rd:17: Lost braces in \itemize; meant \describe ?
checkRd: (-1) lawdata.Rd:18: Lost braces in \itemize; meant \describe ?
checkRd: (-1) lawdata.Rd:19: Lost braces in \itemize; meant \describe ?
checkRd: (-1) lawdata.Rd:20: Lost braces in \itemize; meant \describe ?
checkRd: (-1) lawdata.Rd:21: Lost braces in \itemize; meant \describe ?
checkRd: (-1) lawdata.Rd:22: Lost braces in \itemize; meant \describe ?
Flavors: r-devel-linux-x86_64-debian-clang, r-devel-linux-x86_64-debian-gcc, r-devel-linux-x86_64-fedora-clang, r-devel-linux-x86_64-fedora-gcc, r-devel-windows-x86_64, r-patched-linux-x86_64, r-release-linux-x86_64, r-release-macos-arm64, r-release-macos-x86_64, r-release-windows-x86_64