Last updated on 2024-08-15 20:48:21 CEST.
Flavor | Version | Tinstall | Tcheck | Ttotal | Status | Flags |
---|---|---|---|---|---|---|
r-devel-linux-x86_64-debian-clang | 1.2.3 | 2.44 | 21.80 | 24.24 | OK | |
r-devel-linux-x86_64-debian-gcc | 1.2.3 | 1.84 | 17.80 | 19.64 | OK | |
r-devel-linux-x86_64-fedora-clang | 1.2.3 | 39.04 | NOTE | |||
r-devel-linux-x86_64-fedora-gcc | 1.2.3 | 37.61 | OK | |||
r-devel-windows-x86_64 | 1.2.3 | 3.00 | 43.00 | 46.00 | OK | |
r-patched-linux-x86_64 | 1.2.3 | 2.35 | 21.46 | 23.81 | OK | |
r-release-linux-x86_64 | 1.2.3 | 1.95 | 21.45 | 23.40 | OK | |
r-release-macos-arm64 | 1.2.3 | 16.00 | OK | |||
r-release-macos-x86_64 | 1.2.3 | 26.00 | OK | |||
r-release-windows-x86_64 | 1.2.3 | 3.00 | 43.00 | 46.00 | OK | |
r-oldrel-macos-arm64 | 1.2.3 | 16.00 | OK | |||
r-oldrel-macos-x86_64 | 1.2.3 | 24.00 | OK | |||
r-oldrel-windows-x86_64 | 1.2.3 | 4.00 | 45.00 | 49.00 | OK |
Version: 1.2.3
Check: Rd cross-references
Result: NOTE
Undeclared package ‘lfe’ in Rd xrefs
Flavor: r-devel-linux-x86_64-fedora-clang