Last updated on 2024-08-15 20:48:21 CEST.
Flavor | Version | Tinstall | Tcheck | Ttotal | Status | Flags |
---|---|---|---|---|---|---|
r-devel-linux-x86_64-debian-clang | 0.2.6 | 52.74 | 187.03 | 239.77 | OK | |
r-devel-linux-x86_64-debian-gcc | 0.2.6 | 39.17 | 118.66 | 157.83 | OK | |
r-devel-linux-x86_64-fedora-clang | 0.2.6 | 435.62 | OK | |||
r-devel-linux-x86_64-fedora-gcc | 0.2.6 | 443.26 | OK | |||
r-devel-windows-x86_64 | 0.2.6 | 59.00 | 248.00 | 307.00 | OK | |
r-patched-linux-x86_64 | 0.2.6 | 55.68 | 174.56 | 230.24 | OK | |
r-release-linux-x86_64 | 0.2.6 | 51.84 | 173.58 | 225.42 | OK | |
r-release-macos-arm64 | 0.2.6 | 108.00 | NOTE | |||
r-release-macos-x86_64 | 0.2.6 | 181.00 | NOTE | |||
r-release-windows-x86_64 | 0.2.6 | 56.00 | 255.00 | 311.00 | OK | |
r-oldrel-macos-arm64 | 0.2.6 | 115.00 | NOTE | |||
r-oldrel-macos-x86_64 | 0.2.6 | 297.00 | NOTE | |||
r-oldrel-windows-x86_64 | 0.2.6 | 68.00 | 280.00 | 348.00 | OK |
Version: 0.2.6
Check: installed package size
Result: NOTE
installed size is 6.1Mb
sub-directories of 1Mb or more:
libs 4.7Mb
Flavors: r-release-macos-arm64, r-release-macos-x86_64, r-oldrel-macos-arm64, r-oldrel-macos-x86_64