Last updated on 2024-08-16 09:49:10 CEST.
Flavor | Version | Tinstall | Tcheck | Ttotal | Status | Flags |
---|---|---|---|---|---|---|
r-devel-linux-x86_64-debian-clang | 0.1.1 | 60.85 | 42.17 | 103.02 | OK | |
r-devel-linux-x86_64-debian-gcc | 0.1.1 | 44.02 | 30.05 | 74.07 | OK | |
r-devel-linux-x86_64-fedora-clang | 0.1.1 | 202.67 | OK | |||
r-devel-linux-x86_64-fedora-gcc | 0.1.1 | 209.61 | OK | |||
r-devel-windows-x86_64 | 0.1.1 | 70.00 | 84.00 | 154.00 | OK | |
r-patched-linux-x86_64 | 0.1.1 | 62.87 | 40.17 | 103.04 | OK | |
r-release-linux-x86_64 | 0.1.1 | 64.49 | 40.95 | 105.44 | OK | |
r-release-macos-arm64 | 0.1.1 | 50.00 | OK | |||
r-release-macos-x86_64 | 0.1.1 | 57.00 | OK | |||
r-release-windows-x86_64 | 0.1.1 | 69.00 | 85.00 | 154.00 | OK | |
r-oldrel-macos-arm64 | 0.1.1 | 129.00 | NOTE | |||
r-oldrel-macos-x86_64 | 0.1.1 | 62.00 | OK | |||
r-oldrel-windows-x86_64 | 0.1.1 | 83.00 | 102.00 | 185.00 | OK |
Version: 0.1.1
Check: installed package size
Result: NOTE
installed size is 5.1Mb
sub-directories of 1Mb or more:
libs 4.9Mb
Flavor: r-oldrel-macos-arm64