Last updated on 2024-08-15 20:48:21 CEST.
Flavor | Version | Tinstall | Tcheck | Ttotal | Status | Flags |
---|---|---|---|---|---|---|
r-devel-linux-x86_64-debian-clang | 0.4.3 | 18.23 | 173.76 | 191.99 | OK | |
r-devel-linux-x86_64-debian-gcc | 0.4.3 | 10.63 | 121.46 | 132.09 | OK | |
r-devel-linux-x86_64-fedora-clang | 0.4.3 | 314.22 | OK | |||
r-devel-linux-x86_64-fedora-gcc | 0.4.3 | 311.55 | OK | |||
r-devel-windows-x86_64 | 0.4.3 | 17.00 | 166.00 | 183.00 | OK | |
r-patched-linux-x86_64 | 0.4.3 | 16.03 | 159.86 | 175.89 | OK | |
r-release-linux-x86_64 | 0.4.3 | 16.32 | 166.64 | 182.96 | OK | |
r-release-macos-arm64 | 0.4.3 | 149.00 | NOTE | |||
r-release-macos-x86_64 | 0.4.3 | 127.00 | OK | |||
r-release-windows-x86_64 | 0.4.3 | 16.00 | 165.00 | 181.00 | OK | |
r-oldrel-macos-arm64 | 0.4.3 | 210.00 | NOTE | |||
r-oldrel-macos-x86_64 | 0.4.3 | 378.00 | NOTE | |||
r-oldrel-windows-x86_64 | 0.4.3 | 21.00 | 208.00 | 229.00 | OK |
Version: 0.4.3
Check: package dependencies
Result: NOTE
Package suggested but not available for checking: ‘leukemiasEset’
Flavor: r-release-macos-arm64
Version: 0.4.3
Check: package dependencies
Result: NOTE
Packages suggested but not available for checking:
'switchBox', 'leukemiasEset'
Flavors: r-oldrel-macos-arm64, r-oldrel-macos-x86_64