Last updated on 2024-08-15 20:48:20 CEST.
Flavor | Version | Tinstall | Tcheck | Ttotal | Status | Flags |
---|---|---|---|---|---|---|
r-devel-linux-x86_64-debian-clang | 0.1.1 | 3.54 | 47.95 | 51.49 | NOTE | |
r-devel-linux-x86_64-debian-gcc | 0.1.1 | 2.74 | 36.51 | 39.25 | NOTE | |
r-devel-linux-x86_64-fedora-clang | 0.1.1 | 82.46 | OK | |||
r-devel-linux-x86_64-fedora-gcc | 0.1.1 | 76.67 | OK | |||
r-devel-windows-x86_64 | 0.1.1 | 6.00 | 62.00 | 68.00 | NOTE | |
r-patched-linux-x86_64 | 0.1.1 | 7.06 | 45.73 | 52.79 | OK | |
r-release-linux-x86_64 | 0.1.1 | 3.18 | 48.08 | 51.26 | OK | |
r-release-macos-arm64 | 0.1.1 | 39.00 | OK | |||
r-release-macos-x86_64 | 0.1.1 | 53.00 | OK | |||
r-release-windows-x86_64 | 0.1.1 | 5.00 | 62.00 | 67.00 | OK | |
r-oldrel-macos-arm64 | 0.1.1 | 43.00 | OK | |||
r-oldrel-macos-x86_64 | 0.1.1 | 96.00 | OK | |||
r-oldrel-windows-x86_64 | 0.1.1 | 6.00 | 73.00 | 79.00 | OK |
Version: 0.1.1
Check: Rd cross-references
Result: NOTE
Found the following Rd file(s) with Rd \link{} targets missing package
anchors:
batchmark.Rd: data.table
Please provide package anchors for all Rd \link{} targets not in the
package itself and the base packages.
Flavors: r-devel-linux-x86_64-debian-clang, r-devel-linux-x86_64-debian-gcc, r-devel-windows-x86_64