Last updated on 2024-08-15 20:48:20 CEST.
Flavor | Version | Tinstall | Tcheck | Ttotal | Status | Flags |
---|---|---|---|---|---|---|
r-devel-linux-x86_64-debian-clang | 1.1.2 | 107.96 | 72.66 | 180.62 | OK | |
r-devel-linux-x86_64-debian-gcc | 1.1.2 | 77.45 | 52.16 | 129.61 | OK | |
r-devel-linux-x86_64-fedora-clang | 1.1.2 | 350.29 | OK | |||
r-devel-linux-x86_64-fedora-gcc | 1.1.2 | 368.64 | OK | |||
r-devel-windows-x86_64 | 1.1.2 | 122.00 | 127.00 | 249.00 | OK | |
r-patched-linux-x86_64 | 1.1.2 | 115.40 | 68.01 | 183.41 | OK | |
r-release-linux-x86_64 | 1.1.2 | 108.97 | 69.35 | 178.32 | OK | |
r-release-macos-arm64 | 1.1.2 | 81.00 | NOTE | |||
r-release-macos-x86_64 | 1.1.2 | 133.00 | WARN | |||
r-release-windows-x86_64 | 1.1.2 | 121.00 | 130.00 | 251.00 | OK | |
r-oldrel-macos-arm64 | 1.1.2 | 97.00 | NOTE | |||
r-oldrel-macos-x86_64 | 1.1.2 | 116.00 | OK | |||
r-oldrel-windows-x86_64 | 1.1.2 | 141.00 | 140.00 | 281.00 | OK |
Version: 1.1.2
Check: installed package size
Result: NOTE
installed size is 5.3Mb
sub-directories of 1Mb or more:
libs 4.8Mb
Flavors: r-release-macos-arm64, r-oldrel-macos-arm64
Version: 1.1.2
Check: re-building of vignette outputs
Result: WARN
Error(s) in re-building vignettes:
...
--- re-building ‘mixedMem.Rnw’ using knitr
Error: processing vignette 'mixedMem.Rnw' failed with diagnostics:
Running 'texi2dvi' on 'mixedMem.tex' failed.
LaTeX errors:
! Undefined control sequence.
l.145 \hlkwd{library}\hldef
{(mixedMem)}
?
! Emergency stop.
! Emergency stop.
l.145
End of file on the terminal!
! ==> Fatal error occurred, no output PDF file produced!
--- failed re-building ‘mixedMem.Rnw’
SUMMARY: processing the following file failed:
‘mixedMem.Rnw’
Error: Vignette re-building failed.
Execution halted
Flavor: r-release-macos-x86_64