Last updated on 2024-08-15 20:48:20 CEST.
Flavor | Version | Tinstall | Tcheck | Ttotal | Status | Flags |
---|---|---|---|---|---|---|
r-devel-linux-x86_64-debian-clang | 0.2.1 | 27.94 | 156.31 | 184.25 | NOTE | |
r-devel-linux-x86_64-debian-gcc | 0.2.1 | 17.63 | 108.12 | 125.75 | NOTE | |
r-devel-linux-x86_64-fedora-clang | 0.2.1 | 308.21 | NOTE | |||
r-devel-linux-x86_64-fedora-gcc | 0.2.1 | 322.66 | NOTE | |||
r-devel-windows-x86_64 | 0.2.1 | 31.00 | 211.00 | 242.00 | NOTE | |
r-patched-linux-x86_64 | 0.2.1 | 25.33 | 154.22 | 179.55 | NOTE | |
r-release-linux-x86_64 | 0.2.1 | 27.29 | 154.34 | 181.63 | NOTE | |
r-release-macos-arm64 | 0.2.1 | 88.00 | NOTE | |||
r-release-macos-x86_64 | 0.2.1 | 130.00 | NOTE | |||
r-release-windows-x86_64 | 0.2.1 | 32.00 | 209.00 | 241.00 | NOTE | |
r-oldrel-macos-arm64 | 0.2.1 | 100.00 | NOTE | |||
r-oldrel-macos-x86_64 | 0.2.1 | 181.00 | NOTE | |||
r-oldrel-windows-x86_64 | 0.2.1 | 38.00 | 257.00 | 295.00 | NOTE |
Version: 0.2.1
Check: package subdirectories
Result: NOTE
Problems with news in ‘NEWS.md’:
No news entries found.
Flavors: r-devel-linux-x86_64-debian-clang, r-devel-linux-x86_64-debian-gcc, r-devel-linux-x86_64-fedora-clang, r-devel-linux-x86_64-fedora-gcc, r-devel-windows-x86_64, r-patched-linux-x86_64, r-release-linux-x86_64, r-release-macos-arm64, r-release-macos-x86_64, r-release-windows-x86_64, r-oldrel-macos-arm64, r-oldrel-macos-x86_64, r-oldrel-windows-x86_64