Last updated on 2024-08-15 20:48:20 CEST.
Flavor | Version | Tinstall | Tcheck | Ttotal | Status | Flags |
---|---|---|---|---|---|---|
r-devel-linux-x86_64-debian-clang | 3.1.3 | 3.38 | 37.87 | 41.25 | OK | |
r-devel-linux-x86_64-debian-gcc | 3.1.3 | 2.44 | 28.17 | 30.61 | OK | |
r-devel-linux-x86_64-fedora-clang | 3.1.3 | 66.11 | OK | |||
r-devel-linux-x86_64-fedora-gcc | 3.1.3 | 74.80 | OK | |||
r-devel-windows-x86_64 | 3.1.3 | 4.00 | 73.00 | 77.00 | OK | |
r-patched-linux-x86_64 | 3.1.3 | 3.66 | 36.20 | 39.86 | OK | |
r-release-linux-x86_64 | 3.1.3 | 3.35 | 36.13 | 39.48 | OK | |
r-release-macos-arm64 | 3.1.3 | 29.00 | NOTE | |||
r-release-macos-x86_64 | 3.1.3 | 46.00 | OK | |||
r-release-windows-x86_64 | 3.1.3 | 6.00 | 74.00 | 80.00 | OK | |
r-oldrel-macos-arm64 | 3.1.3 | 30.00 | NOTE | |||
r-oldrel-macos-x86_64 | 3.1.3 | 45.00 | NOTE | |||
r-oldrel-windows-x86_64 | 3.1.3 | 4.00 | 74.00 | 78.00 | OK |
Version: 3.1.3
Check: package dependencies
Result: NOTE
Packages suggested but not available for checking:
'hgu133plus2.db', 'hgu133a.db', 'hgu95av2.db'
Flavor: r-release-macos-arm64
Version: 3.1.3
Check: package dependencies
Result: NOTE
Packages suggested but not available for checking:
'GEOquery', 'annaffy', 'hgu133plus2.db', 'hgu133a.db', 'hgu95av2.db'
Flavor: r-oldrel-macos-arm64
Version: 3.1.3
Check: package dependencies
Result: NOTE
Packages suggested but not available for checking:
'org.Hs.eg.db', 'annaffy', 'hgu133plus2.db', 'hgu133a.db',
'hgu95av2.db'
Flavor: r-oldrel-macos-x86_64