Last updated on 2025-02-17 02:51:15 CET.
Flavor | Version | Tinstall | Tcheck | Ttotal | Status | Flags |
---|---|---|---|---|---|---|
r-devel-linux-x86_64-debian-clang | 0.1.2 | 5.09 | 54.27 | 59.36 | OK | |
r-devel-linux-x86_64-debian-gcc | 0.1.2 | 3.42 | 38.77 | 42.19 | OK | |
r-devel-linux-x86_64-fedora-clang | 0.1.2 | 96.26 | OK | |||
r-devel-linux-x86_64-fedora-gcc | 0.1.2 | 97.49 | OK | |||
r-devel-macos-arm64 | 0.1.2 | 29.00 | OK | |||
r-devel-macos-x86_64 | 0.1.2 | 57.00 | OK | |||
r-devel-windows-x86_64 | 0.1.2 | 7.00 | 78.00 | 85.00 | OK | |
r-patched-linux-x86_64 | 0.1.2 | 4.82 | 50.71 | 55.53 | NOTE | |
r-release-linux-x86_64 | 0.1.2 | 4.87 | 50.98 | 55.85 | NOTE | |
r-release-macos-arm64 | 0.1.2 | 31.00 | NOTE | |||
r-release-macos-x86_64 | 0.1.2 | 45.00 | NOTE | |||
r-release-windows-x86_64 | 0.1.2 | 8.00 | 76.00 | 84.00 | NOTE | |
r-oldrel-macos-arm64 | 0.1.2 | 33.00 | NOTE | |||
r-oldrel-macos-x86_64 | 0.1.2 | 48.00 | NOTE | |||
r-oldrel-windows-x86_64 | 0.1.2 | 8.00 | 92.00 | 100.00 | NOTE |
Version: 0.1.2
Check: LazyData
Result: NOTE
'LazyData' is specified without a 'data' directory
Flavors: r-patched-linux-x86_64, r-release-linux-x86_64, r-release-macos-arm64, r-release-macos-x86_64, r-release-windows-x86_64, r-oldrel-macos-arm64, r-oldrel-macos-x86_64, r-oldrel-windows-x86_64