Last updated on 2024-08-16 09:49:09 CEST.
Flavor | Version | Tinstall | Tcheck | Ttotal | Status | Flags |
---|---|---|---|---|---|---|
r-devel-linux-x86_64-debian-clang | 1.0-4 | 149.54 | 122.42 | 271.96 | OK | |
r-devel-linux-x86_64-debian-gcc | 1.0-4 | 111.86 | 82.79 | 194.65 | OK | |
r-devel-linux-x86_64-fedora-clang | 1.0-4 | 481.60 | NOTE | |||
r-devel-linux-x86_64-fedora-gcc | 1.0-4 | 542.89 | OK | |||
r-devel-windows-x86_64 | 1.0-4 | 148.00 | 175.00 | 323.00 | NOTE | |
r-patched-linux-x86_64 | 1.0-4 | 156.77 | 120.20 | 276.97 | OK | |
r-release-linux-x86_64 | 1.0-4 | 151.61 | 119.41 | 271.02 | OK | |
r-release-macos-arm64 | 1.0-4 | 112.00 | NOTE | |||
r-release-macos-x86_64 | 1.0-4 | 152.00 | NOTE | |||
r-release-windows-x86_64 | 1.0-4 | 150.00 | 175.00 | 325.00 | NOTE | |
r-oldrel-macos-arm64 | 1.0-4 | 120.00 | NOTE | |||
r-oldrel-macos-x86_64 | 1.0-4 | 152.00 | NOTE | |||
r-oldrel-windows-x86_64 | 1.0-4 | 181.00 | 215.00 | 396.00 | NOTE |
Version: 1.0-4
Check: installed package size
Result: NOTE
installed size is 5.2Mb
sub-directories of 1Mb or more:
java 3.3Mb
Flavors: r-devel-linux-x86_64-fedora-clang, r-devel-windows-x86_64, r-release-macos-arm64, r-release-macos-x86_64, r-release-windows-x86_64, r-oldrel-macos-arm64, r-oldrel-macos-x86_64, r-oldrel-windows-x86_64