Last updated on 2024-08-15 20:48:19 CEST.
Flavor | Version | Tinstall | Tcheck | Ttotal | Status | Flags |
---|---|---|---|---|---|---|
r-devel-linux-x86_64-debian-clang | 1.2.3 | 6.07 | 168.06 | 174.13 | NOTE | |
r-devel-linux-x86_64-debian-gcc | 1.2.3 | 4.40 | 120.21 | 124.61 | NOTE | |
r-devel-linux-x86_64-fedora-clang | 1.2.3 | 289.21 | OK | |||
r-devel-linux-x86_64-fedora-gcc | 1.2.3 | 289.23 | OK | |||
r-devel-windows-x86_64 | 1.2.3 | 8.00 | 204.00 | 212.00 | NOTE | |
r-patched-linux-x86_64 | 1.2.3 | 11.15 | 161.52 | 172.67 | OK | |
r-release-linux-x86_64 | 1.2.3 | 5.74 | 163.68 | 169.42 | OK | |
r-release-macos-arm64 | 1.2.3 | 86.00 | OK | |||
r-release-macos-x86_64 | 1.2.3 | 149.00 | OK | |||
r-release-windows-x86_64 | 1.2.3 | 9.00 | 197.00 | 206.00 | OK | |
r-oldrel-macos-arm64 | 1.2.3 | 100.00 | OK | |||
r-oldrel-macos-x86_64 | 1.2.3 | 173.00 | OK | |||
r-oldrel-windows-x86_64 | 1.2.3 | 9.00 | 222.00 | 231.00 | OK |
Version: 1.2.3
Check: Rd cross-references
Result: NOTE
Found the following Rd file(s) with Rd \link{} targets missing package
anchors:
get_geneSets_from_msigdbr.Rd: msigdbr
plot.mGST.Rd: visOptions, visNetwork
save_as_xls.Rd: WriteXLS
Please provide package anchors for all Rd \link{} targets not in the
package itself and the base packages.
Flavors: r-devel-linux-x86_64-debian-clang, r-devel-linux-x86_64-debian-gcc, r-devel-windows-x86_64