Last updated on 2024-08-16 09:49:09 CEST.
Flavor | Version | Tinstall | Tcheck | Ttotal | Status | Flags |
---|---|---|---|---|---|---|
r-devel-linux-x86_64-debian-clang | 1.2.2 | 40.03 | 142.50 | 182.53 | NOTE | |
r-devel-linux-x86_64-debian-gcc | 1.2.2 | 28.93 | 100.99 | 129.92 | NOTE | |
r-devel-linux-x86_64-fedora-clang | 1.2.2 | 288.58 | NOTE | |||
r-devel-linux-x86_64-fedora-gcc | 1.2.2 | 282.24 | NOTE | |||
r-devel-windows-x86_64 | 1.2.2 | 40.00 | 157.00 | 197.00 | NOTE | |
r-patched-linux-x86_64 | 1.2.2 | 39.56 | 134.51 | 174.07 | NOTE | |
r-release-linux-x86_64 | 1.2.2 | 37.60 | 135.49 | 173.09 | NOTE | |
r-release-macos-arm64 | 1.2.2 | 78.00 | NOTE | |||
r-release-macos-x86_64 | 1.2.2 | 113.00 | NOTE | |||
r-release-windows-x86_64 | 1.2.2 | 41.00 | 169.00 | 210.00 | NOTE | |
r-oldrel-macos-arm64 | 1.2.2 | 75.00 | NOTE | |||
r-oldrel-macos-x86_64 | 1.2.2 | 128.00 | NOTE | |||
r-oldrel-windows-x86_64 | 1.2.2 | 53.00 | 198.00 | 251.00 | NOTE |
Version: 1.2.2
Check: C++ specification
Result: NOTE
Specified C++11: please drop specification unless essential
Flavors: r-devel-linux-x86_64-debian-clang, r-devel-linux-x86_64-debian-gcc, r-devel-linux-x86_64-fedora-clang, r-devel-linux-x86_64-fedora-gcc, r-devel-windows-x86_64, r-patched-linux-x86_64, r-release-linux-x86_64, r-release-macos-arm64, r-release-macos-x86_64, r-release-windows-x86_64, r-oldrel-macos-arm64, r-oldrel-macos-x86_64, r-oldrel-windows-x86_64