Last updated on 2024-08-16 09:49:09 CEST.
Flavor | Version | Tinstall | Tcheck | Ttotal | Status | Flags |
---|---|---|---|---|---|---|
r-devel-linux-x86_64-debian-clang | 1.2 | 51.66 | 28.42 | 80.08 | NOTE | |
r-devel-linux-x86_64-debian-gcc | 1.2 | 36.52 | 22.00 | 58.52 | NOTE | |
r-devel-linux-x86_64-fedora-clang | 1.2 | 157.19 | NOTE | |||
r-devel-linux-x86_64-fedora-gcc | 1.2 | 161.93 | NOTE | |||
r-devel-windows-x86_64 | 1.2 | 58.00 | 73.00 | 131.00 | NOTE | |
r-patched-linux-x86_64 | 1.2 | 52.74 | 28.03 | 80.77 | NOTE | |
r-release-linux-x86_64 | 1.2 | 53.19 | 28.12 | 81.31 | NOTE | |
r-release-macos-arm64 | 1.2 | 38.00 | NOTE | |||
r-release-macos-x86_64 | 1.2 | 43.00 | NOTE | |||
r-release-windows-x86_64 | 1.2 | 58.00 | 80.00 | 138.00 | NOTE | |
r-oldrel-macos-arm64 | 1.2 | 47.00 | NOTE | |||
r-oldrel-macos-x86_64 | 1.2 | 77.00 | NOTE | |||
r-oldrel-windows-x86_64 | 1.2 | 67.00 | 88.00 | 155.00 | NOTE |
Version: 1.2
Check: C++ specification
Result: NOTE
Specified C++11: please drop specification unless essential
Flavors: r-devel-linux-x86_64-debian-clang, r-devel-linux-x86_64-debian-gcc, r-devel-linux-x86_64-fedora-clang, r-devel-linux-x86_64-fedora-gcc, r-devel-windows-x86_64, r-patched-linux-x86_64, r-release-linux-x86_64, r-release-macos-arm64, r-release-macos-x86_64, r-release-windows-x86_64, r-oldrel-macos-arm64, r-oldrel-macos-x86_64, r-oldrel-windows-x86_64
Version: 1.2
Check: Rd files
Result: NOTE
checkRd: (-1) StEM_pcirt.Rd:11: Lost braces; missing escapes or markup?
11 | \item{response}{N by J matrix containing {0,1,...,M-1} responses, where N is the number of respondents and J is the number of items.}
| ^
Flavors: r-devel-linux-x86_64-debian-clang, r-devel-linux-x86_64-debian-gcc, r-devel-linux-x86_64-fedora-clang, r-devel-linux-x86_64-fedora-gcc, r-devel-windows-x86_64, r-patched-linux-x86_64, r-release-linux-x86_64, r-release-macos-arm64, r-release-macos-x86_64, r-release-windows-x86_64