Last updated on 2024-08-15 20:48:19 CEST.
Flavor | Version | Tinstall | Tcheck | Ttotal | Status | Flags |
---|---|---|---|---|---|---|
r-devel-linux-x86_64-debian-clang | 0.3-3 | 13.81 | 116.12 | 129.93 | NOTE | |
r-devel-linux-x86_64-debian-gcc | 0.3-3 | 12.05 | 83.37 | 95.42 | NOTE | |
r-devel-linux-x86_64-fedora-clang | 0.3-3 | 213.77 | OK | |||
r-devel-linux-x86_64-fedora-gcc | 0.3-3 | 201.04 | OK | |||
r-devel-windows-x86_64 | 0.3-3 | 17.00 | 133.00 | 150.00 | NOTE | |
r-patched-linux-x86_64 | 0.3-3 | 20.81 | 111.00 | 131.81 | OK | |
r-release-linux-x86_64 | 0.3-3 | 14.41 | 111.22 | 125.63 | OK | |
r-release-macos-arm64 | 0.3-3 | 53.00 | OK | |||
r-release-macos-x86_64 | 0.3-3 | 89.00 | OK | |||
r-release-windows-x86_64 | 0.3-3 | 17.00 | 132.00 | 149.00 | OK | |
r-oldrel-macos-arm64 | 0.3-3 | 60.00 | OK | |||
r-oldrel-macos-x86_64 | 0.3-3 | 93.00 | OK | |||
r-oldrel-windows-x86_64 | 0.3-3 | 23.00 | 159.00 | 182.00 | OK |
Version: 0.3-3
Check: Rd cross-references
Result: NOTE
Found the following Rd file(s) with Rd \link{} targets missing package
anchors:
extract.Rd: mirt
lordif.Rd: mirt, lrm
Please provide package anchors for all Rd \link{} targets not in the
package itself and the base packages.
Flavors: r-devel-linux-x86_64-debian-clang, r-devel-linux-x86_64-debian-gcc, r-devel-windows-x86_64