Last updated on 2024-08-15 20:48:19 CEST.
Flavor | Version | Tinstall | Tcheck | Ttotal | Status | Flags |
---|---|---|---|---|---|---|
r-devel-linux-x86_64-debian-clang | 1.15 | 2.55 | 47.57 | 50.12 | NOTE | |
r-devel-linux-x86_64-debian-gcc | 1.15 | 1.81 | 36.31 | 38.12 | NOTE | |
r-devel-linux-x86_64-fedora-clang | 1.15 | 82.94 | OK | |||
r-devel-linux-x86_64-fedora-gcc | 1.15 | 91.86 | OK | |||
r-devel-windows-x86_64 | 1.15 | 4.00 | 69.00 | 73.00 | NOTE | |
r-patched-linux-x86_64 | 1.15 | 3.54 | 45.87 | 49.41 | OK | |
r-release-linux-x86_64 | 1.15 | 2.58 | 46.29 | 48.87 | OK | |
r-release-macos-arm64 | 1.15 | 31.00 | OK | |||
r-release-macos-x86_64 | 1.15 | 55.00 | OK | |||
r-release-windows-x86_64 | 1.15 | 5.00 | 70.00 | 75.00 | OK | |
r-oldrel-macos-arm64 | 1.15 | 47.00 | OK | |||
r-oldrel-macos-x86_64 | 1.15 | 61.00 | OK | |||
r-oldrel-windows-x86_64 | 1.15 | 5.00 | 74.00 | 79.00 | OK |
Version: 1.15
Check: Rd cross-references
Result: NOTE
Found the following Rd file(s) with Rd \link{} targets missing package
anchors:
kNN.Rd: knn
Please provide package anchors for all Rd \link{} targets not in the
package itself and the base packages.
Flavors: r-devel-linux-x86_64-debian-clang, r-devel-linux-x86_64-debian-gcc, r-devel-windows-x86_64