Last updated on 2025-02-17 02:51:12 CET.
Flavor | Version | Tinstall | Tcheck | Ttotal | Status | Flags |
---|---|---|---|---|---|---|
r-devel-linux-x86_64-debian-clang | 0.10.2 | 14.33 | 113.14 | 127.47 | NOTE | |
r-devel-linux-x86_64-debian-gcc | 0.10.2 | 8.63 | 75.89 | 84.52 | NOTE | |
r-devel-linux-x86_64-fedora-clang | 0.10.2 | 204.22 | NOTE | |||
r-devel-linux-x86_64-fedora-gcc | 0.10.2 | 199.61 | NOTE | |||
r-devel-macos-arm64 | 0.10.2 | 62.00 | NOTE | |||
r-devel-macos-x86_64 | 0.10.2 | 121.00 | NOTE | |||
r-devel-windows-x86_64 | 0.10.2 | 15.00 | 136.00 | 151.00 | NOTE | |
r-patched-linux-x86_64 | 0.10.2 | 15.57 | 103.86 | 119.43 | NOTE | |
r-release-linux-x86_64 | 0.10.2 | 14.47 | 102.51 | 116.98 | NOTE | |
r-release-macos-arm64 | 0.10.2 | 60.00 | NOTE | |||
r-release-macos-x86_64 | 0.10.2 | 100.00 | NOTE | |||
r-release-windows-x86_64 | 0.10.2 | 15.00 | 134.00 | 149.00 | NOTE | |
r-oldrel-macos-arm64 | 0.10.2 | 54.00 | OK | |||
r-oldrel-macos-x86_64 | 0.10.2 | 78.00 | OK | |||
r-oldrel-windows-x86_64 | 0.10.2 | 21.00 | 152.00 | 173.00 | OK |
Version: 0.10.2
Check: Rd files
Result: NOTE
checkRd: (-1) mount_appdata.Rd:10: Lost braces; missing escapes or markup?
10 | \item{x}{An object of class \code{KinPairData} or {KinPairSimulation}}
| ^
Flavors: r-devel-linux-x86_64-debian-clang, r-devel-linux-x86_64-debian-gcc, r-devel-linux-x86_64-fedora-clang, r-devel-linux-x86_64-fedora-gcc, r-devel-macos-arm64, r-devel-macos-x86_64, r-devel-windows-x86_64, r-patched-linux-x86_64, r-release-linux-x86_64, r-release-macos-arm64, r-release-macos-x86_64, r-release-windows-x86_64
Version: 0.10.2
Check: dependencies in R code
Result: NOTE
Namespaces in Imports field not imported from:
‘fitdistrplus’ ‘plotly’
All declared Imports should be used.
Flavors: r-devel-linux-x86_64-fedora-clang, r-devel-linux-x86_64-fedora-gcc