Last updated on 2024-08-15 20:48:18 CEST.
Flavor | Version | Tinstall | Tcheck | Ttotal | Status | Flags |
---|---|---|---|---|---|---|
r-devel-linux-x86_64-debian-clang | 0.9-32 | 47.66 | 146.54 | 194.20 | NOTE | |
r-devel-linux-x86_64-debian-gcc | 0.9-33 | 31.20 | 97.40 | 128.60 | OK | |
r-devel-linux-x86_64-fedora-clang | 0.9-33 | 333.79 | OK | |||
r-devel-linux-x86_64-fedora-gcc | 0.9-33 | 333.34 | OK | |||
r-devel-windows-x86_64 | 0.9-32 | 58.00 | 192.00 | 250.00 | NOTE | |
r-patched-linux-x86_64 | 0.9-32 | 41.96 | 138.51 | 180.47 | NOTE | |
r-release-linux-x86_64 | 0.9-33 | 37.82 | 137.69 | 175.51 | OK | |
r-release-macos-arm64 | 0.9-32 | 84.00 | NOTE | |||
r-release-macos-x86_64 | 0.9-32 | 185.00 | NOTE | |||
r-release-windows-x86_64 | 0.9-33 | 51.00 | 187.00 | 238.00 | OK | |
r-oldrel-macos-arm64 | 0.9-32 | 101.00 | OK | |||
r-oldrel-macos-x86_64 | 0.9-32 | 168.00 | OK | |||
r-oldrel-windows-x86_64 | 0.9-32 | 60.00 | 229.00 | 289.00 | OK |
Version: 0.9-32
Check: Rd files
Result: NOTE
checkRd: (-1) ipop-class.Rd:28: Lost braces
28 | \item{primal}{Object of class \code{ipop}}{Return the primal of the problem}
| ^
checkRd: (-1) ipop-class.Rd:29: Lost braces
29 | \item{dual}{Object of class \code{ipop}}{Return the dual of the problem}
| ^
checkRd: (-1) ipop-class.Rd:30: Lost braces
30 | \item{how}{Object of class \code{ipop}}{Return information on convergence}
| ^
Flavors: r-devel-linux-x86_64-debian-clang, r-devel-windows-x86_64, r-patched-linux-x86_64, r-release-macos-arm64, r-release-macos-x86_64