Last updated on 2024-08-15 20:48:18 CEST.
Flavor | Version | Tinstall | Tcheck | Ttotal | Status | Flags |
---|---|---|---|---|---|---|
r-devel-linux-x86_64-debian-clang | 0.7.1 | 528.60 | 171.23 | 699.83 | NOTE | |
r-devel-linux-x86_64-debian-gcc | 0.7.1 | 485.87 | 159.25 | 645.12 | NOTE | |
r-devel-linux-x86_64-fedora-clang | 0.7.1 | 1081.14 | NOTE | |||
r-devel-linux-x86_64-fedora-gcc | 0.7.1 | 1572.11 | NOTE | |||
r-devel-windows-x86_64 | 0.7.1 | 507.00 | 219.00 | 726.00 | NOTE | |
r-patched-linux-x86_64 | 0.7.1 | 632.92 | 215.93 | 848.85 | NOTE | |
r-release-linux-x86_64 | 0.7.1 | 614.32 | 212.93 | 827.25 | NOTE | |
r-release-macos-arm64 | 0.7.1 | 270.00 | NOTE | |||
r-release-macos-x86_64 | 0.7.1 | 244.00 | NOTE | |||
r-release-windows-x86_64 | 0.7.1 | 518.00 | 220.00 | 738.00 | NOTE | |
r-oldrel-macos-arm64 | 0.7.1 | 304.00 | NOTE | |||
r-oldrel-macos-x86_64 | 0.7.1 | 325.00 | NOTE | |||
r-oldrel-windows-x86_64 | 0.7.1 | 667.00 | 272.00 | 939.00 | NOTE |
Version: 0.7.1
Check: for GNU extensions in Makefiles
Result: NOTE
GNU make is a SystemRequirements.
Flavors: r-devel-linux-x86_64-debian-clang, r-devel-linux-x86_64-debian-gcc, r-devel-linux-x86_64-fedora-clang, r-devel-linux-x86_64-fedora-gcc, r-devel-windows-x86_64, r-patched-linux-x86_64, r-release-linux-x86_64, r-release-macos-arm64, r-release-macos-x86_64, r-release-windows-x86_64, r-oldrel-macos-arm64, r-oldrel-macos-x86_64, r-oldrel-windows-x86_64
Version: 0.7.1
Check: installed package size
Result: NOTE
installed size is 7.2Mb
sub-directories of 1Mb or more:
libs 5.8Mb
Flavors: r-devel-linux-x86_64-fedora-clang, r-devel-windows-x86_64, r-release-macos-arm64, r-release-macos-x86_64, r-release-windows-x86_64, r-oldrel-macos-arm64, r-oldrel-macos-x86_64, r-oldrel-windows-x86_64
Version: 0.7.1
Check: dependencies in R code
Result: NOTE
Namespaces in Imports field not imported from:
‘RcppParallel’ ‘rstantools’
All declared Imports should be used.
Flavors: r-devel-linux-x86_64-fedora-clang, r-devel-linux-x86_64-fedora-gcc