Last updated on 2024-08-15 20:48:18 CEST.
Flavor | Version | Tinstall | Tcheck | Ttotal | Status | Flags |
---|---|---|---|---|---|---|
r-devel-linux-x86_64-debian-clang | 6.1.0 | 204.82 | 278.63 | 483.45 | OK | |
r-devel-linux-x86_64-debian-gcc | 6.1.0 | 161.33 | 172.59 | 333.92 | OK | |
r-devel-linux-x86_64-fedora-clang | 6.1.0 | 785.32 | OK | |||
r-devel-linux-x86_64-fedora-gcc | 6.1.0 | 860.88 | OK | |||
r-devel-windows-x86_64 | 6.1.0 | 189.00 | 318.00 | 507.00 | OK | |
r-patched-linux-x86_64 | 6.1.0 | 215.04 | 261.83 | 476.87 | OK | |
r-release-linux-x86_64 | 6.1.0 | 208.02 | 261.07 | 469.09 | OK | |
r-release-macos-arm64 | 6.1.0 | 198.00 | NOTE | |||
r-release-macos-x86_64 | 6.1.0 | 387.00 | NOTE | |||
r-release-windows-x86_64 | 6.1.0 | 198.00 | 328.00 | 526.00 | OK | |
r-oldrel-macos-arm64 | 6.1.0 | 220.00 | NOTE | |||
r-oldrel-macos-x86_64 | 6.1.0 | 388.00 | NOTE | |||
r-oldrel-windows-x86_64 | 6.1.0 | 241.00 | 413.00 | 654.00 | OK |
Version: 6.1.0
Check: installed package size
Result: NOTE
installed size is 35.7Mb
sub-directories of 1Mb or more:
libs 35.2Mb
Flavors: r-release-macos-arm64, r-release-macos-x86_64, r-oldrel-macos-arm64, r-oldrel-macos-x86_64