Last updated on 2024-08-15 20:48:18 CEST.
Flavor | Version | Tinstall | Tcheck | Ttotal | Status | Flags |
---|---|---|---|---|---|---|
r-devel-linux-x86_64-debian-clang | 0.6-3 | 3.59 | 68.46 | 72.05 | OK | |
r-devel-linux-x86_64-debian-gcc | 0.6-3 | 2.76 | 49.33 | 52.09 | OK | |
r-devel-linux-x86_64-fedora-clang | 0.6-3 | 118.10 | OK | |||
r-devel-linux-x86_64-fedora-gcc | 0.6-3 | 126.66 | OK | |||
r-devel-windows-x86_64 | 0.6-3 | 6.00 | 78.00 | 84.00 | OK | |
r-patched-linux-x86_64 | 0.6-3 | 3.51 | 65.48 | 68.99 | OK | |
r-release-linux-x86_64 | 0.6-3 | 3.87 | 64.53 | 68.40 | OK | |
r-release-macos-arm64 | 0.6-3 | 44.00 | OK | |||
r-release-macos-x86_64 | 0.6-3 | 59.00 | OK | |||
r-release-windows-x86_64 | 0.6-3 | 5.00 | 118.00 | 123.00 | OK | |
r-oldrel-macos-arm64 | 0.6-3 | 50.00 | OK | |||
r-oldrel-macos-x86_64 | 0.6-3 | 102.00 | OK | |||
r-oldrel-windows-x86_64 | 0.6-3 | 7.00 | 91.00 | 98.00 | ERROR |
Version: 0.6-3
Check: re-building of vignette outputs
Result: ERROR
Error(s) in re-building vignettes:
--- re-building 'Diagnostics-for-2SLS-Regression.Rmd' using rmarkdown
--- finished re-building 'Diagnostics-for-2SLS-Regression.Rmd'
--- re-building 'ivreg.Rmd' using rmarkdown
Could not fetch https://polyfill.io/v3/polyfill.min.js?features=es6
HttpExceptionRequest Request {
host = "polyfill.io"
port = 443
secure = True
requestHeaders = []
path = "/v3/polyfill.min.js"
queryString = "?features=es6"
method = "GET"
proxy = Nothing
rawBody = False
redirectCount = 10
responseTimeout = ResponseTimeoutDefault
requestVersion = HTTP/1.1
}
(ConnectionFailure user error (Network.Socket.gai_strerror not supported: 11001))
Error: processing vignette 'ivreg.Rmd' failed with diagnostics:
pandoc document conversion failed with error 61
--- failed re-building 'ivreg.Rmd'
SUMMARY: processing the following file failed:
'ivreg.Rmd'
Error: Vignette re-building failed.
Execution halted
Flavor: r-oldrel-windows-x86_64