Last updated on 2024-08-15 20:48:18 CEST.
Flavor | Version | Tinstall | Tcheck | Ttotal | Status | Flags |
---|---|---|---|---|---|---|
r-devel-linux-x86_64-debian-clang | 1.0.1 | 61.29 | 348.25 | 409.54 | NOTE | |
r-devel-linux-x86_64-debian-gcc | 1.0.1 | 40.16 | 226.11 | 266.27 | NOTE | |
r-devel-linux-x86_64-fedora-clang | 1.0.1 | 669.05 | NOTE | |||
r-devel-linux-x86_64-fedora-gcc | 1.0.1 | 688.91 | NOTE | |||
r-devel-windows-x86_64 | 1.0.1 | 65.00 | 309.00 | 374.00 | NOTE | |
r-patched-linux-x86_64 | 1.0.1 | 62.15 | 340.49 | 402.64 | NOTE | |
r-release-linux-x86_64 | 1.0.1 | 61.05 | 341.08 | 402.13 | NOTE | |
r-release-macos-arm64 | 1.0.1 | 173.00 | NOTE | |||
r-release-macos-x86_64 | 1.0.1 | 304.00 | NOTE | |||
r-release-windows-x86_64 | 1.0.1 | 66.00 | 343.00 | 409.00 | NOTE | |
r-oldrel-macos-arm64 | 1.0.1 | 189.00 | NOTE | |||
r-oldrel-macos-x86_64 | 1.0.1 | 366.00 | NOTE | |||
r-oldrel-windows-x86_64 | 1.0.1 | 84.00 | 433.00 | 517.00 | NOTE |
Version: 1.0.1
Check: C++ specification
Result: NOTE
Specified C++11: please drop specification unless essential
Flavors: r-devel-linux-x86_64-debian-clang, r-devel-linux-x86_64-debian-gcc, r-devel-linux-x86_64-fedora-clang, r-devel-linux-x86_64-fedora-gcc, r-devel-windows-x86_64, r-patched-linux-x86_64, r-release-linux-x86_64, r-release-macos-arm64, r-release-macos-x86_64, r-release-windows-x86_64, r-oldrel-macos-arm64, r-oldrel-macos-x86_64, r-oldrel-windows-x86_64