Last updated on 2024-08-15 20:48:18 CEST.
Flavor | Version | Tinstall | Tcheck | Ttotal | Status | Flags |
---|---|---|---|---|---|---|
r-devel-linux-x86_64-debian-clang | 0.9-9 | 7.81 | 63.28 | 71.09 | NOTE | |
r-devel-linux-x86_64-debian-gcc | 0.9-9 | 5.59 | 45.56 | 51.15 | NOTE | |
r-devel-linux-x86_64-fedora-clang | 0.9-9 | 110.60 | NOTE | |||
r-devel-linux-x86_64-fedora-gcc | 0.9-9 | 107.53 | NOTE | |||
r-devel-windows-x86_64 | 0.9-9 | 9.00 | 75.00 | 84.00 | NOTE | |
r-patched-linux-x86_64 | 0.9-9 | 7.18 | 59.88 | 67.06 | NOTE | |
r-release-linux-x86_64 | 0.9-9 | 7.72 | 59.93 | 67.65 | NOTE | |
r-release-macos-arm64 | 0.9-9 | 37.00 | NOTE | |||
r-release-macos-x86_64 | 0.9-9 | 49.00 | NOTE | |||
r-release-windows-x86_64 | 0.9-9 | 9.00 | 75.00 | 84.00 | NOTE | |
r-oldrel-macos-arm64 | 0.9-9 | 37.00 | NOTE | |||
r-oldrel-macos-x86_64 | 0.9-9 | 59.00 | NOTE | |||
r-oldrel-windows-x86_64 | 0.9-9 | 11.00 | 90.00 | 101.00 | NOTE |
Version: 0.9-9
Check: Rd files
Result: NOTE
checkRd: (-1) school23.Rd:30: Escaped LaTeX specials: \&
checkRd: (-1) school23.Rd:35: Escaped LaTeX specials: \&
Flavors: r-devel-linux-x86_64-debian-clang, r-devel-linux-x86_64-debian-gcc, r-devel-linux-x86_64-fedora-clang, r-devel-linux-x86_64-fedora-gcc, r-devel-windows-x86_64, r-patched-linux-x86_64, r-release-linux-x86_64, r-release-macos-arm64, r-release-macos-x86_64, r-release-windows-x86_64, r-oldrel-macos-arm64, r-oldrel-macos-x86_64, r-oldrel-windows-x86_64