Last updated on 2025-02-17 02:51:11 CET.
Flavor | Version | Tinstall | Tcheck | Ttotal | Status | Flags |
---|---|---|---|---|---|---|
r-devel-linux-x86_64-debian-clang | 1.5 | 7.80 | 66.45 | 74.25 | OK | |
r-devel-linux-x86_64-debian-gcc | 1.5 | 5.16 | 48.26 | 53.42 | OK | |
r-devel-linux-x86_64-fedora-clang | 1.5 | 119.02 | OK | |||
r-devel-linux-x86_64-fedora-gcc | 1.5 | 111.97 | OK | |||
r-devel-macos-arm64 | 1.5 | 34.00 | OK | |||
r-devel-macos-x86_64 | 1.5 | 71.00 | OK | |||
r-devel-windows-x86_64 | 1.5 | 8.00 | 86.00 | 94.00 | OK | |
r-patched-linux-x86_64 | 1.5 | 8.37 | 63.07 | 71.44 | OK | |
r-release-linux-x86_64 | 1.5 | 7.71 | 63.43 | 71.14 | OK | |
r-release-macos-arm64 | 1.5 | 35.00 | NOTE | |||
r-release-macos-x86_64 | 1.5 | 54.00 | NOTE | |||
r-release-windows-x86_64 | 1.5 | 10.00 | 87.00 | 97.00 | OK | |
r-oldrel-macos-arm64 | 1.5 | 43.00 | NOTE | |||
r-oldrel-macos-x86_64 | 1.5 | 75.00 | NOTE | |||
r-oldrel-windows-x86_64 | 1.5 | 11.00 | 105.00 | 116.00 | OK |
Version: 1.5
Check: package dependencies
Result: NOTE
Package suggested but not available for checking: ‘mixAK’
Flavors: r-release-macos-arm64, r-oldrel-macos-arm64, r-oldrel-macos-x86_64
Version: 1.5
Check: package dependencies
Result: NOTE
Packages suggested but not available for checking: 'mixAK', 'frailtypack'
Flavor: r-release-macos-x86_64