Last updated on 2024-08-15 20:48:18 CEST.
Flavor | Version | Tinstall | Tcheck | Ttotal | Status | Flags |
---|---|---|---|---|---|---|
r-devel-linux-x86_64-debian-clang | 3.1.4 | 67.61 | 317.25 | 384.86 | OK | |
r-devel-linux-x86_64-debian-gcc | 3.1.4 | 44.27 | 204.16 | 248.43 | OK | |
r-devel-linux-x86_64-fedora-clang | 3.1.4 | 624.02 | NOTE | |||
r-devel-linux-x86_64-fedora-gcc | 3.1.4 | 598.58 | NOTE | |||
r-devel-windows-x86_64 | 3.1.4 | 59.00 | 294.00 | 353.00 | OK | |
r-patched-linux-x86_64 | 3.1.4 | 60.15 | 298.07 | 358.22 | OK | |
r-release-linux-x86_64 | 3.1.4 | 58.73 | 293.62 | 352.35 | OK | |
r-release-macos-arm64 | 3.1.4 | 152.00 | NOTE | |||
r-release-macos-x86_64 | 3.1.4 | 352.00 | NOTE | |||
r-release-windows-x86_64 | 3.1.4 | 59.00 | 563.00 | 622.00 | OK | |
r-oldrel-macos-arm64 | 3.1.4 | 158.00 | NOTE | |||
r-oldrel-macos-x86_64 | 3.1.4 | 382.00 | NOTE | |||
r-oldrel-windows-x86_64 | 3.1.4 | 80.00 | 393.00 | 473.00 | OK |
Version: 3.1.4
Check: package dependencies
Result: NOTE
Imports includes 22 non-default packages.
Importing from so many packages makes the package vulnerable to any of
them becoming unavailable. Move as many as possible to Suggests and
use conditionally.
Flavor: r-devel-linux-x86_64-fedora-clang
Version: 3.1.4
Check: dependencies in R code
Result: NOTE
Namespace in Imports field not imported from: ‘raster’
All declared Imports should be used.
Flavors: r-devel-linux-x86_64-fedora-clang, r-devel-linux-x86_64-fedora-gcc
Version: 3.1.4
Check: installed package size
Result: NOTE
installed size is 5.8Mb
sub-directories of 1Mb or more:
doc 2.8Mb
libs 1.8Mb
Flavors: r-release-macos-arm64, r-release-macos-x86_64, r-oldrel-macos-arm64, r-oldrel-macos-x86_64