Last updated on 2024-08-15 20:48:17 CEST.
Flavor | Version | Tinstall | Tcheck | Ttotal | Status | Flags |
---|---|---|---|---|---|---|
r-devel-linux-x86_64-debian-clang | 3.0.3 | 167.96 | 74.16 | 242.12 | OK | |
r-devel-linux-x86_64-debian-gcc | 3.0.3 | 115.55 | 55.72 | 171.27 | OK | |
r-devel-linux-x86_64-fedora-clang | 3.0.3 | 399.62 | OK | |||
r-devel-linux-x86_64-fedora-gcc | 3.0.3 | 443.38 | OK | |||
r-devel-windows-x86_64 | 3.0.3 | 164.00 | 111.00 | 275.00 | OK | |
r-patched-linux-x86_64 | 3.0.3 | 160.10 | 69.52 | 229.62 | OK | |
r-release-linux-x86_64 | 3.0.3 | 160.34 | 70.12 | 230.46 | OK | |
r-release-macos-arm64 | 3.0.3 | 90.00 | NOTE | |||
r-release-macos-x86_64 | 3.0.3 | 98.00 | NOTE | |||
r-release-windows-x86_64 | 3.0.3 | 165.00 | 116.00 | 281.00 | OK | |
r-oldrel-macos-arm64 | 3.0.3 | 97.00 | NOTE | |||
r-oldrel-macos-x86_64 | 3.0.3 | 140.00 | NOTE | |||
r-oldrel-windows-x86_64 | 3.0.3 | 194.00 | 133.00 | 327.00 | OK |
Version: 3.0.3
Check: installed package size
Result: NOTE
installed size is 10.9Mb
sub-directories of 1Mb or more:
libs 10.4Mb
Flavors: r-release-macos-arm64, r-release-macos-x86_64, r-oldrel-macos-arm64, r-oldrel-macos-x86_64