Last updated on 2024-08-16 09:49:06 CEST.
Flavor | Version | Tinstall | Tcheck | Ttotal | Status | Flags |
---|---|---|---|---|---|---|
r-devel-linux-x86_64-debian-clang | 1.1.1 | 66.70 | 76.97 | 143.67 | OK | |
r-devel-linux-x86_64-debian-gcc | 1.1.1 | 41.03 | 51.95 | 92.98 | OK | |
r-devel-linux-x86_64-fedora-clang | 1.1.1 | 233.12 | NOTE | |||
r-devel-linux-x86_64-fedora-gcc | 1.1.1 | 254.21 | NOTE | |||
r-devel-windows-x86_64 | 1.1.1 | 61.00 | 126.00 | 187.00 | NOTE | |
r-patched-linux-x86_64 | 1.1.1 | 58.65 | 70.78 | 129.43 | OK | |
r-release-linux-x86_64 | 1.1.1 | 59.81 | 71.70 | 131.51 | OK | |
r-release-macos-arm64 | 1.1.1 | 55.00 | ERROR | |||
r-release-macos-x86_64 | 1.1.1 | 85.00 | ERROR | |||
r-release-windows-x86_64 | 1.1.1 | 60.00 | 302.00 | 362.00 | NOTE | |
r-oldrel-macos-arm64 | 1.1.1 | 66.00 | NOTE | |||
r-oldrel-macos-x86_64 | 1.1.1 | 107.00 | NOTE | |||
r-oldrel-windows-x86_64 | 1.1.1 | 72.00 | 152.00 | 224.00 | NOTE |
Version: 1.1.1
Check: data for non-ASCII characters
Result: NOTE
Note: found 22 marked UTF-8 strings
Flavors: r-devel-linux-x86_64-fedora-clang, r-devel-linux-x86_64-fedora-gcc
Version: 1.1.1
Check: installed package size
Result: NOTE
installed size is 5.4Mb
sub-directories of 1Mb or more:
doc 1.9Mb
help 2.0Mb
libs 1.2Mb
Flavors: r-devel-windows-x86_64, r-release-macos-arm64, r-release-macos-x86_64, r-release-windows-x86_64, r-oldrel-macos-arm64, r-oldrel-macos-x86_64, r-oldrel-windows-x86_64
Version: 1.1.1
Check: examples
Result: ERROR
Running examples in ‘graphlayouts-Ex.R’ failed
The error most likely occurred in:
> ### Name: annotate_circle
> ### Title: annotate concentric circles
> ### Aliases: annotate_circle
>
> ### ** Examples
>
> library(igraph)
Attaching package: ‘igraph’
The following objects are masked from ‘package:stats’:
decompose, spectrum
The following object is masked from ‘package:base’:
union
> library(ggraph)
Loading required package: ggplot2
Error: package or namespace load failed for ‘ggraph’ in loadNamespace(j <- i[[1L]], c(lib.loc, .libPaths()), versionCheck = vI[[j]]):
there is no package called ‘tweenr’
Execution halted
Flavors: r-release-macos-arm64, r-release-macos-x86_64