Last updated on 2024-08-15 20:48:17 CEST.
Flavor | Version | Tinstall | Tcheck | Ttotal | Status | Flags |
---|---|---|---|---|---|---|
r-devel-linux-x86_64-debian-clang | 1.5.1.1 | 904.76 | 88.36 | 993.12 | OK | |
r-devel-linux-x86_64-debian-gcc | 1.5.1.1 | 664.76 | 106.06 | 770.82 | OK | |
r-devel-linux-x86_64-fedora-clang | 1.5.1.1 | 1789.01 | NOTE | |||
r-devel-linux-x86_64-fedora-gcc | 1.5.1.1 | 2027.03 | OK | |||
r-devel-windows-x86_64 | 1.5.1.1 | 767.00 | 227.00 | 994.00 | NOTE | |
r-patched-linux-x86_64 | 1.5.1.1 | 917.53 | 138.36 | 1055.89 | OK | |
r-release-linux-x86_64 | 1.5.1.1 | 912.53 | 142.30 | 1054.83 | OK | |
r-release-macos-arm64 | 1.5.1.1 | 480.00 | NOTE | |||
r-release-macos-x86_64 | 1.5.1.1 | 758.00 | NOTE | |||
r-release-windows-x86_64 | 1.5.1.1 | 771.00 | 231.00 | 1002.00 | NOTE | |
r-oldrel-macos-arm64 | 1.5.1.1 | 437.00 | NOTE | |||
r-oldrel-macos-x86_64 | 1.5.1.1 | 728.00 | NOTE | |||
r-oldrel-windows-x86_64 | 1.5.1.1 | 693.00 | 272.00 | 965.00 | NOTE |
Version: 1.5.1.1
Check: installed package size
Result: NOTE
installed size is 12.9Mb
sub-directories of 1Mb or more:
libs 11.9Mb
Flavors: r-devel-linux-x86_64-fedora-clang, r-devel-windows-x86_64, r-release-macos-arm64, r-release-macos-x86_64, r-release-windows-x86_64, r-oldrel-macos-arm64, r-oldrel-macos-x86_64, r-oldrel-windows-x86_64