Last updated on 2024-08-15 20:48:17 CEST.
Flavor | Version | Tinstall | Tcheck | Ttotal | Status | Flags |
---|---|---|---|---|---|---|
r-devel-linux-x86_64-debian-clang | 0.2-0 | 4.05 | 35.81 | 39.86 | NOTE | |
r-devel-linux-x86_64-debian-gcc | 0.2-0 | 2.81 | 26.74 | 29.55 | NOTE | |
r-devel-linux-x86_64-fedora-clang | 0.2-0 | 63.79 | NOTE | |||
r-devel-linux-x86_64-fedora-gcc | 0.2-0 | 64.24 | NOTE | |||
r-devel-windows-x86_64 | 0.2-0 | 5.00 | 58.00 | 63.00 | NOTE | |
r-patched-linux-x86_64 | 0.2-0 | 4.23 | 34.29 | 38.52 | OK | |
r-release-linux-x86_64 | 0.2-0 | 2.88 | 34.65 | 37.53 | OK | |
r-release-macos-arm64 | 0.2-0 | 23.00 | OK | |||
r-release-macos-x86_64 | 0.2-0 | 32.00 | OK | |||
r-release-windows-x86_64 | 0.2-0 | 5.00 | 58.00 | 63.00 | OK | |
r-oldrel-macos-arm64 | 0.2-0 | 26.00 | OK | |||
r-oldrel-macos-x86_64 | 0.2-0 | 37.00 | NOTE | |||
r-oldrel-windows-x86_64 | 0.2-0 | 6.00 | 64.00 | 70.00 | OK |
Version: 0.2-0
Check: differences from ‘glmx-Ex.Rout’ to ‘glmx-Ex.Rout.save’
Result: NOTE
372c372
< Classes and Methods for R originally developed in the
---
> Classes and Methods for R developed in the
375,377c375,377
< Stanford University (2002-2015),
< by and under the direction of Simon Jackman.
< hurdle and zeroinfl functions by Achim Zeileis.
---
> Stanford University
> Simon Jackman
> hurdle and zeroinfl functions by Achim Zeileis
Flavors: r-devel-linux-x86_64-debian-clang, r-devel-linux-x86_64-debian-gcc, r-devel-linux-x86_64-fedora-clang, r-devel-linux-x86_64-fedora-gcc, r-devel-windows-x86_64
Version: 0.2-0
Check: package dependencies
Result: NOTE
Package suggested but not available for checking: ‘AER’
Flavor: r-oldrel-macos-x86_64