Last updated on 2025-01-23 19:49:24 CET.
Flavor | Version | Tinstall | Tcheck | Ttotal | Status | Flags |
---|---|---|---|---|---|---|
r-devel-linux-x86_64-debian-clang | 0.4.0 | 7.06 | 92.71 | 99.77 | OK | |
r-devel-linux-x86_64-debian-gcc | 0.4.0 | 4.99 | 65.38 | 70.37 | NOTE | |
r-devel-linux-x86_64-fedora-clang | 0.4.0 | 151.05 | OK | |||
r-devel-linux-x86_64-fedora-gcc | 0.4.0 | 154.37 | OK | |||
r-devel-windows-x86_64 | 0.4.0 | 10.00 | 103.00 | 113.00 | OK | |
r-patched-linux-x86_64 | 0.4.0 | 6.66 | 84.70 | 91.36 | OK | |
r-release-linux-x86_64 | 0.4.0 | 6.56 | 85.58 | 92.14 | OK | |
r-release-macos-arm64 | 0.4.0 | 53.00 | OK | |||
r-release-macos-x86_64 | 0.4.0 | 91.00 | OK | |||
r-release-windows-x86_64 | 0.4.0 | 8.00 | 96.00 | 104.00 | OK | |
r-oldrel-macos-arm64 | 0.4.0 | 53.00 | OK | |||
r-oldrel-macos-x86_64 | 0.4.0 | 97.00 | OK | |||
r-oldrel-windows-x86_64 | 0.4.0 | 10.00 | 119.00 | 129.00 | OK |
Version: 0.4.0
Check: DESCRIPTION meta-information
Result: NOTE
Missing dependency on R >= 4.1.0 because package code uses the pipe
|> or function shorthand \(...) syntax added in R 4.1.0.
File(s) using such syntax:
‘inset_shape_circle.R’ ‘inset_shape_rectangle.R’ ‘inset_shape_sf.R’
Flavor: r-devel-linux-x86_64-debian-gcc