Last updated on 2024-08-15 20:48:16 CEST.
Flavor | Version | Tinstall | Tcheck | Ttotal | Status | Flags |
---|---|---|---|---|---|---|
r-devel-linux-x86_64-debian-clang | 0.3.3 | 9.79 | 97.11 | 106.90 | NOTE | |
r-devel-linux-x86_64-debian-gcc | 0.3.3 | 6.83 | 60.39 | 67.22 | NOTE | |
r-devel-linux-x86_64-fedora-clang | 0.3.3 | 180.93 | NOTE | |||
r-devel-linux-x86_64-fedora-gcc | 0.3.3 | 154.25 | NOTE | |||
r-devel-windows-x86_64 | 0.3.3 | 14.00 | 110.00 | 124.00 | NOTE | |
r-patched-linux-x86_64 | 0.3.3 | 9.61 | 92.30 | 101.91 | NOTE | |
r-release-linux-x86_64 | 0.3.3 | 9.68 | 91.78 | 101.46 | NOTE | |
r-release-macos-arm64 | 0.3.3 | 44.00 | NOTE | |||
r-release-macos-x86_64 | 0.3.3 | 75.00 | NOTE | |||
r-release-windows-x86_64 | 0.3.3 | 16.00 | 113.00 | 129.00 | NOTE | |
r-oldrel-macos-arm64 | 0.3.3 | 39.00 | NOTE | |||
r-oldrel-macos-x86_64 | 0.3.3 | 79.00 | NOTE | |||
r-oldrel-windows-x86_64 | 0.3.3 | 17.00 | 157.00 | 174.00 | NOTE |
Version: 0.3.3
Check: C++ specification
Result: NOTE
Specified C++11: please drop specification unless essential
Flavors: r-devel-linux-x86_64-debian-clang, r-devel-linux-x86_64-debian-gcc, r-devel-linux-x86_64-fedora-clang, r-devel-linux-x86_64-fedora-gcc, r-devel-windows-x86_64, r-patched-linux-x86_64, r-release-linux-x86_64, r-release-macos-arm64, r-release-macos-x86_64, r-release-windows-x86_64, r-oldrel-macos-arm64, r-oldrel-macos-x86_64, r-oldrel-windows-x86_64