Last updated on 2024-08-15 20:48:16 CEST.
Flavor | Version | Tinstall | Tcheck | Ttotal | Status | Flags |
---|---|---|---|---|---|---|
r-devel-linux-x86_64-debian-clang | 0.4.7 | 27.49 | 50.97 | 78.46 | NOTE | |
r-devel-linux-x86_64-debian-gcc | 0.4.7 | 20.93 | 39.40 | 60.33 | NOTE | |
r-devel-linux-x86_64-fedora-clang | 0.4.7 | 130.72 | NOTE | |||
r-devel-linux-x86_64-fedora-gcc | 0.4.7 | 146.60 | NOTE | |||
r-devel-windows-x86_64 | 0.4.7 | 45.00 | 104.00 | 149.00 | NOTE | |
r-patched-linux-x86_64 | 0.4.7 | 28.28 | 48.81 | 77.09 | NOTE | |
r-release-linux-x86_64 | 0.4.7 | 28.88 | 49.57 | 78.45 | NOTE | |
r-release-macos-arm64 | 0.4.7 | 44.00 | OK | |||
r-release-macos-x86_64 | 0.4.7 | 62.00 | OK | |||
r-release-windows-x86_64 | 0.4.7 | 47.00 | 111.00 | 158.00 | NOTE | |
r-oldrel-macos-arm64 | 0.4.7 | 49.00 | OK | |||
r-oldrel-macos-x86_64 | 0.4.7 | 79.00 | OK | |||
r-oldrel-windows-x86_64 | 0.4.7 | 50.00 | 114.00 | 164.00 | OK |
Version: 0.4.7
Check: HTML version of manual
Result: NOTE
Found the following HTML validation problems:
extprod3d.html:24:32 (extprod3d.Rd:24): Warning: trimming empty <code>
extprod3d.html:29:32 (extprod3d.Rd:27): Warning: trimming empty <code>
Flavors: r-devel-linux-x86_64-debian-clang, r-devel-linux-x86_64-debian-gcc, r-devel-linux-x86_64-fedora-clang, r-devel-linux-x86_64-fedora-gcc, r-devel-windows-x86_64, r-patched-linux-x86_64, r-release-linux-x86_64, r-release-windows-x86_64