Last updated on 2024-08-15 20:48:16 CEST.
Flavor | Version | Tinstall | Tcheck | Ttotal | Status | Flags |
---|---|---|---|---|---|---|
r-devel-linux-x86_64-debian-clang | 0.1.0 | 18.10 | 28.96 | 47.06 | NOTE | |
r-devel-linux-x86_64-debian-gcc | 0.1.0 | 11.46 | 22.00 | 33.46 | NOTE | |
r-devel-linux-x86_64-fedora-clang | 0.1.0 | 86.06 | NOTE | |||
r-devel-linux-x86_64-fedora-gcc | 0.1.0 | 81.88 | NOTE | |||
r-devel-windows-x86_64 | 0.1.0 | 22.00 | 67.00 | 89.00 | NOTE | |
r-patched-linux-x86_64 | 0.1.0 | 18.36 | 27.44 | 45.80 | NOTE | |
r-release-linux-x86_64 | 0.1.0 | 16.99 | 27.57 | 44.56 | NOTE | |
r-release-macos-arm64 | 0.1.0 | 25.00 | NOTE | |||
r-release-macos-x86_64 | 0.1.0 | 37.00 | NOTE | |||
r-release-windows-x86_64 | 0.1.0 | 22.00 | 75.00 | 97.00 | NOTE | |
r-oldrel-macos-arm64 | 0.1.0 | 28.00 | NOTE | |||
r-oldrel-macos-x86_64 | 0.1.0 | 43.00 | NOTE | |||
r-oldrel-windows-x86_64 | 0.1.0 | 25.00 | 78.00 | 103.00 | NOTE |
Version: 0.1.0
Check: C++ specification
Result: NOTE
Specified C++11: please drop specification unless essential
Flavors: r-devel-linux-x86_64-debian-clang, r-devel-linux-x86_64-debian-gcc, r-devel-linux-x86_64-fedora-clang, r-devel-linux-x86_64-fedora-gcc, r-devel-windows-x86_64, r-patched-linux-x86_64, r-release-linux-x86_64, r-release-macos-arm64, r-release-macos-x86_64, r-release-windows-x86_64, r-oldrel-macos-arm64, r-oldrel-macos-x86_64, r-oldrel-windows-x86_64