Last updated on 2024-08-15 20:48:16 CEST.
Flavor | Version | Tinstall | Tcheck | Ttotal | Status | Flags |
---|---|---|---|---|---|---|
r-devel-linux-x86_64-debian-clang | 1.2.7 | 8.18 | 236.70 | 244.88 | OK | |
r-devel-linux-x86_64-debian-gcc | 1.2.7 | 5.26 | 198.33 | 203.59 | OK | |
r-devel-linux-x86_64-fedora-clang | 1.2.7 | 380.43 | NOTE | |||
r-devel-linux-x86_64-fedora-gcc | 1.2.7 | 411.75 | OK | |||
r-devel-windows-x86_64 | 1.2.7 | 10.00 | 378.00 | 388.00 | OK | |
r-patched-linux-x86_64 | 1.2.7 | 7.37 | 246.09 | 253.46 | OK | |
r-release-linux-x86_64 | 1.2.7 | 6.76 | 250.51 | 257.27 | OK | |
r-release-macos-arm64 | 1.2.7 | 128.00 | OK | |||
r-release-macos-x86_64 | 1.2.7 | 194.00 | OK | |||
r-release-windows-x86_64 | 1.2.7 | 11.00 | 383.00 | 394.00 | OK | |
r-oldrel-macos-arm64 | 1.2.7 | 139.00 | OK | |||
r-oldrel-macos-x86_64 | 1.2.7 | 237.00 | OK | |||
r-oldrel-windows-x86_64 | 1.2.7 | 13.00 | 413.00 | 426.00 | OK |
Version: 1.2.7
Check: package dependencies
Result: NOTE
Imports includes 21 non-default packages.
Importing from so many packages makes the package vulnerable to any of
them becoming unavailable. Move as many as possible to Suggests and
use conditionally.
Flavor: r-devel-linux-x86_64-fedora-clang