Last updated on 2024-08-15 20:48:16 CEST.
Flavor | Version | Tinstall | Tcheck | Ttotal | Status | Flags |
---|---|---|---|---|---|---|
r-devel-linux-x86_64-debian-clang | 3.0.3 | 62.86 | 59.84 | 122.70 | OK | |
r-devel-linux-x86_64-debian-gcc | 3.0.3 | 49.47 | 42.15 | 91.62 | OK | |
r-devel-linux-x86_64-fedora-clang | 3.0.3 | 220.12 | OK | |||
r-devel-linux-x86_64-fedora-gcc | 3.0.3 | 235.44 | OK | |||
r-devel-windows-x86_64 | 3.0.3 | 77.00 | 103.00 | 180.00 | OK | |
r-patched-linux-x86_64 | 3.0.3 | 69.98 | 57.46 | 127.44 | OK | |
r-release-linux-x86_64 | 3.0.3 | 68.37 | 57.23 | 125.60 | OK | |
r-release-macos-arm64 | 3.0.3 | 65.00 | NOTE | |||
r-release-macos-x86_64 | 3.0.3 | 119.00 | NOTE | |||
r-release-windows-x86_64 | 3.0.3 | 76.00 | 106.00 | 182.00 | OK | |
r-oldrel-macos-arm64 | 3.0.3 | 70.00 | NOTE | |||
r-oldrel-macos-x86_64 | 3.0.3 | 104.00 | NOTE | |||
r-oldrel-windows-x86_64 | 3.0.3 | 74.00 | 121.00 | 195.00 | OK |
Version: 3.0.3
Check: installed package size
Result: NOTE
installed size is 6.8Mb
sub-directories of 1Mb or more:
libs 6.2Mb
Flavors: r-release-macos-arm64, r-release-macos-x86_64, r-oldrel-macos-arm64, r-oldrel-macos-x86_64