Last updated on 2024-08-15 20:48:16 CEST.
Flavor | Version | Tinstall | Tcheck | Ttotal | Status | Flags |
---|---|---|---|---|---|---|
r-devel-linux-x86_64-debian-clang | 5.4-22 | 25.82 | 180.64 | 206.46 | NOTE | |
r-devel-linux-x86_64-debian-gcc | 5.4-22 | 20.05 | 113.08 | 133.13 | NOTE | |
r-devel-linux-x86_64-fedora-clang | 5.4-22 | 335.33 | OK | |||
r-devel-linux-x86_64-fedora-gcc | 5.4-22 | 319.38 | OK | |||
r-devel-windows-x86_64 | 5.4-22 | 28.00 | 187.00 | 215.00 | NOTE | |
r-patched-linux-x86_64 | 5.4-22 | 28.37 | 171.84 | 200.21 | OK | |
r-release-linux-x86_64 | 5.4-22 | 26.79 | 165.83 | 192.62 | OK | |
r-release-macos-arm64 | 5.4-22 | 78.00 | OK | |||
r-release-macos-x86_64 | 5.4-22 | 192.00 | OK | |||
r-release-windows-x86_64 | 5.4-22 | 29.00 | 185.00 | 214.00 | OK | |
r-oldrel-macos-arm64 | 5.4-22 | 86.00 | OK | |||
r-oldrel-macos-x86_64 | 5.4-22 | 251.00 | OK | |||
r-oldrel-windows-x86_64 | 5.4-22 | 39.00 | 236.00 | 275.00 | OK |
Version: 5.4-22
Check: Rd cross-references
Result: NOTE
Found the following Rd file(s) with Rd \link{} targets missing package
anchors:
LR.test.Rd: dropterm
gamlss.ps.Rd: ridge
Please provide package anchors for all Rd \link{} targets not in the
package itself and the base packages.
Flavors: r-devel-linux-x86_64-debian-clang, r-devel-linux-x86_64-debian-gcc, r-devel-windows-x86_64