Last updated on 2024-08-15 20:48:17 CEST.
Flavor | Version | Tinstall | Tcheck | Ttotal | Status | Flags |
---|---|---|---|---|---|---|
r-devel-linux-x86_64-debian-clang | 0.5.0 | 28.22 | 76.00 | 104.22 | NOTE | |
r-devel-linux-x86_64-debian-gcc | 0.5.0 | 19.15 | 52.38 | 71.53 | NOTE | |
r-devel-linux-x86_64-fedora-clang | 0.5.0 | 170.03 | OK | |||
r-devel-linux-x86_64-fedora-gcc | 0.5.0 | 165.92 | OK | |||
r-devel-windows-x86_64 | 0.5.0 | 31.00 | 100.00 | 131.00 | NOTE | |
r-patched-linux-x86_64 | 0.5.0 | 31.55 | 70.70 | 102.25 | OK | |
r-release-linux-x86_64 | 0.5.0 | 22.76 | 71.15 | 93.91 | OK | |
r-release-macos-arm64 | 0.5.0 | 45.00 | OK | |||
r-release-macos-x86_64 | 0.5.0 | 65.00 | OK | |||
r-release-windows-x86_64 | 0.5.0 | 32.00 | 106.00 | 138.00 | OK | |
r-oldrel-macos-arm64 | 0.5.0 | 52.00 | OK | |||
r-oldrel-macos-x86_64 | 0.5.0 | 102.00 | OK | |||
r-oldrel-windows-x86_64 | 0.5.0 | 39.00 | 127.00 | 166.00 | OK |
Version: 0.5.0
Check: Rd cross-references
Result: NOTE
Found the following Rd file(s) with Rd \link{} targets missing package
anchors:
fit-doc.Rd: fit
Please provide package anchors for all Rd \link{} targets not in the
package itself and the base packages.
Flavors: r-devel-linux-x86_64-debian-clang, r-devel-linux-x86_64-debian-gcc, r-devel-windows-x86_64