Last updated on 2024-08-15 20:48:16 CEST.
Flavor | Version | Tinstall | Tcheck | Ttotal | Status | Flags |
---|---|---|---|---|---|---|
r-devel-linux-x86_64-debian-clang | 1.0.2 | 43.36 | 155.05 | 198.41 | OK | |
r-devel-linux-x86_64-debian-gcc | 1.0.2 | 29.61 | 134.84 | 164.45 | OK | |
r-devel-linux-x86_64-fedora-clang | 1.0.2 | 308.60 | OK | |||
r-devel-linux-x86_64-fedora-gcc | 1.0.2 | 308.64 | OK | |||
r-devel-windows-x86_64 | 1.0.2 | 45.00 | 168.00 | 213.00 | OK | |
r-patched-linux-x86_64 | 1.0.2 | 39.33 | 149.04 | 188.37 | OK | |
r-release-linux-x86_64 | 1.0.2 | 44.50 | 149.91 | 194.41 | OK | |
r-release-macos-arm64 | 1.0.2 | 96.00 | NOTE | |||
r-release-macos-x86_64 | 1.0.2 | 129.00 | NOTE | |||
r-release-windows-x86_64 | 1.0.2 | 46.00 | 170.00 | 216.00 | OK | |
r-oldrel-macos-arm64 | 1.0.2 | 103.00 | NOTE | |||
r-oldrel-macos-x86_64 | 1.0.2 | 212.00 | NOTE | |||
r-oldrel-windows-x86_64 | 1.0.2 | 57.00 | 219.00 | 276.00 | OK |
Version: 1.0.2
Check: installed package size
Result: NOTE
installed size is 7.7Mb
sub-directories of 1Mb or more:
libs 7.4Mb
Flavors: r-release-macos-arm64, r-release-macos-x86_64, r-oldrel-macos-arm64, r-oldrel-macos-x86_64