Last updated on 2024-08-16 09:49:05 CEST.
Flavor | Version | Tinstall | Tcheck | Ttotal | Status | Flags |
---|---|---|---|---|---|---|
r-devel-linux-x86_64-debian-clang | 0.12.1 | 5.07 | 259.89 | 264.96 | NOTE | |
r-devel-linux-x86_64-debian-gcc | 0.12.1 | 3.56 | 186.26 | 189.82 | NOTE | |
r-devel-linux-x86_64-fedora-clang | 0.12.1 | 428.73 | OK | |||
r-devel-linux-x86_64-fedora-gcc | 0.12.1 | 465.73 | OK | |||
r-devel-windows-x86_64 | 0.12.1 | 7.00 | 270.00 | 277.00 | NOTE | |
r-patched-linux-x86_64 | 0.12.1 | 8.53 | 247.17 | 255.70 | OK | |
r-release-linux-x86_64 | 0.12.1 | 5.18 | 248.72 | 253.90 | OK | |
r-release-macos-arm64 | 0.12.1 | 152.00 | OK | |||
r-release-macos-x86_64 | 0.12.1 | 229.00 | OK | |||
r-release-windows-x86_64 | 0.12.1 | 7.00 | 278.00 | 285.00 | OK | |
r-oldrel-macos-arm64 | 0.12.1 | 173.00 | OK | |||
r-oldrel-macos-x86_64 | 0.12.1 | 319.00 | OK | |||
r-oldrel-windows-x86_64 | 0.12.1 | 8.00 | 317.00 | 325.00 | OK |
Version: 0.12.1
Check: Rd cross-references
Result: NOTE
Found the following Rd file(s) with Rd \link{} targets missing package
anchors:
nbrOfWorkers.batchtools.Rd: plan
Please provide package anchors for all Rd \link{} targets not in the
package itself and the base packages.
Flavors: r-devel-linux-x86_64-debian-clang, r-devel-linux-x86_64-debian-gcc, r-devel-windows-x86_64