Last updated on 2024-08-15 20:48:15 CEST.
Flavor | Version | Tinstall | Tcheck | Ttotal | Status | Flags |
---|---|---|---|---|---|---|
r-devel-linux-x86_64-debian-clang | 1.1.3 | 10.36 | 54.09 | 64.45 | OK | |
r-devel-linux-x86_64-debian-gcc | 1.1.3 | 7.19 | 39.30 | 46.49 | OK | |
r-devel-linux-x86_64-fedora-clang | 1.1.3 | 100.96 | NOTE | |||
r-devel-linux-x86_64-fedora-gcc | 1.1.3 | 94.65 | OK | |||
r-devel-windows-x86_64 | 1.1.3 | 14.00 | 73.00 | 87.00 | OK | |
r-patched-linux-x86_64 | 1.1.3 | 8.71 | 50.59 | 59.30 | OK | |
r-release-linux-x86_64 | 1.1.3 | 8.52 | 50.73 | 59.25 | OK | |
r-release-macos-arm64 | 1.1.3 | 32.00 | OK | |||
r-release-macos-x86_64 | 1.1.3 | 48.00 | OK | |||
r-release-windows-x86_64 | 1.1.3 | 15.00 | 74.00 | 89.00 | OK | |
r-oldrel-macos-arm64 | 1.1.3 | 37.00 | OK | |||
r-oldrel-macos-x86_64 | 1.1.3 | 55.00 | OK | |||
r-oldrel-windows-x86_64 | 1.1.3 | 14.00 | 87.00 | 101.00 | OK |
Version: 1.1.3
Check: installed package size
Result: NOTE
installed size is 7.4Mb
sub-directories of 1Mb or more:
libs 7.2Mb
Flavor: r-devel-linux-x86_64-fedora-clang