Last updated on 2024-08-15 20:48:15 CEST.
Flavor | Version | Tinstall | Tcheck | Ttotal | Status | Flags |
---|---|---|---|---|---|---|
r-devel-linux-x86_64-debian-clang | 3.0.1 | 36.91 | 36.77 | 73.68 | NOTE | |
r-devel-linux-x86_64-debian-gcc | 3.0.1 | 20.44 | 27.18 | 47.62 | NOTE | |
r-devel-linux-x86_64-fedora-clang | 3.0.1 | 116.41 | NOTE | |||
r-devel-linux-x86_64-fedora-gcc | 3.0.1 | 109.14 | NOTE | |||
r-devel-windows-x86_64 | 3.0.1 | 33.00 | 64.00 | 97.00 | NOTE | |
r-patched-linux-x86_64 | 3.0.1 | 36.08 | 34.30 | 70.38 | NOTE | |
r-release-linux-x86_64 | 3.0.1 | 33.06 | 34.33 | 67.39 | NOTE | |
r-release-macos-arm64 | 3.0.1 | 29.00 | NOTE | |||
r-release-macos-x86_64 | 3.0.1 | 49.00 | NOTE | |||
r-release-windows-x86_64 | 3.0.1 | 33.00 | 64.00 | 97.00 | NOTE | |
r-oldrel-macos-arm64 | 3.0.1 | 33.00 | NOTE | |||
r-oldrel-macos-x86_64 | 3.0.1 | 53.00 | NOTE | |||
r-oldrel-windows-x86_64 | 3.0.1 | 43.00 | 71.00 | 114.00 | NOTE |
Version: 3.0.1
Check: LazyData
Result: NOTE
'LazyData' is specified without a 'data' directory
Flavors: r-devel-linux-x86_64-debian-clang, r-devel-linux-x86_64-debian-gcc, r-devel-linux-x86_64-fedora-clang, r-devel-linux-x86_64-fedora-gcc, r-devel-windows-x86_64, r-patched-linux-x86_64, r-release-linux-x86_64, r-release-macos-arm64, r-release-macos-x86_64, r-release-windows-x86_64, r-oldrel-macos-arm64, r-oldrel-macos-x86_64, r-oldrel-windows-x86_64
Version: 3.0.1
Check: dependencies in R code
Result: NOTE
Namespaces in Imports field not imported from:
‘R6’ ‘caTools’ ‘httr’ ‘jsonlite’ ‘rlang’
All declared Imports should be used.
Flavors: r-devel-linux-x86_64-fedora-clang, r-devel-linux-x86_64-fedora-gcc