Last updated on 2024-08-15 20:48:15 CEST.
Flavor | Version | Tinstall | Tcheck | Ttotal | Status | Flags |
---|---|---|---|---|---|---|
r-devel-linux-x86_64-debian-clang | 1.10.0 | 236.36 | 74.92 | 311.28 | OK | |
r-devel-linux-x86_64-debian-gcc | 1.10.0 | 185.40 | 50.17 | 235.57 | OK | |
r-devel-linux-x86_64-fedora-clang | 1.10.0 | 650.37 | OK | |||
r-devel-linux-x86_64-fedora-gcc | 1.10.0 | 703.93 | OK | |||
r-devel-windows-x86_64 | 1.10.0 | 261.00 | 128.00 | 389.00 | OK | |
r-patched-linux-x86_64 | 1.10.0 | 250.64 | 72.00 | 322.64 | OK | |
r-release-linux-x86_64 | 1.10.0 | 240.31 | 72.50 | 312.81 | OK | |
r-release-macos-arm64 | 1.10.0 | 144.00 | NOTE | |||
r-release-macos-x86_64 | 1.10.0 | 133.00 | NOTE | |||
r-release-windows-x86_64 | 1.10.0 | 274.00 | 127.00 | 401.00 | OK | |
r-oldrel-macos-arm64 | 1.10.0 | 171.00 | NOTE | |||
r-oldrel-macos-x86_64 | 1.10.0 | 193.00 | NOTE | |||
r-oldrel-windows-x86_64 | 1.10.0 | 282.00 | 154.00 | 436.00 | OK |
Version: 1.10.0
Check: installed package size
Result: NOTE
installed size is 12.1Mb
sub-directories of 1Mb or more:
libs 11.4Mb
Flavors: r-release-macos-arm64, r-release-macos-x86_64, r-oldrel-macos-arm64, r-oldrel-macos-x86_64