Last updated on 2024-08-15 20:48:15 CEST.
Flavor | Version | Tinstall | Tcheck | Ttotal | Status | Flags |
---|---|---|---|---|---|---|
r-devel-linux-x86_64-debian-clang | 0.2.6 | 11.33 | 94.20 | 105.53 | OK | |
r-devel-linux-x86_64-debian-gcc | 0.2.6 | 7.53 | 65.39 | 72.92 | OK | |
r-devel-linux-x86_64-fedora-clang | 0.2.6 | 170.18 | NOTE | |||
r-devel-linux-x86_64-fedora-gcc | 0.2.6 | 177.12 | NOTE | |||
r-devel-windows-x86_64 | 0.2.6 | 12.00 | 108.00 | 120.00 | OK | |
r-patched-linux-x86_64 | 0.2.6 | 11.01 | 89.60 | 100.61 | OK | |
r-release-linux-x86_64 | 0.2.6 | 8.76 | 89.16 | 97.92 | OK | |
r-release-macos-arm64 | 0.2.6 | 46.00 | OK | |||
r-release-macos-x86_64 | 0.2.6 | 81.00 | OK | |||
r-release-windows-x86_64 | 0.2.6 | 13.00 | 107.00 | 120.00 | OK | |
r-oldrel-macos-arm64 | 0.2.6 | 56.00 | OK | |||
r-oldrel-macos-x86_64 | 0.2.6 | 88.00 | OK | |||
r-oldrel-windows-x86_64 | 0.2.6 | 17.00 | 126.00 | 143.00 | OK |
Version: 0.2.6
Check: dependencies in R code
Result: NOTE
Namespace in Imports field not imported from: ‘EnvStats’
All declared Imports should be used.
Flavors: r-devel-linux-x86_64-fedora-clang, r-devel-linux-x86_64-fedora-gcc