Last updated on 2024-08-15 20:48:15 CEST.
Flavor | Version | Tinstall | Tcheck | Ttotal | Status | Flags |
---|---|---|---|---|---|---|
r-devel-linux-x86_64-debian-clang | 1.3-1 | 11.32 | 95.99 | 107.31 | NOTE | |
r-devel-linux-x86_64-debian-gcc | 1.3-1 | 8.14 | 65.45 | 73.59 | NOTE | |
r-devel-linux-x86_64-fedora-clang | 1.3-1 | 167.61 | NOTE | |||
r-devel-linux-x86_64-fedora-gcc | 1.3-1 | 159.12 | NOTE | |||
r-devel-windows-x86_64 | 1.3-1 | 15.00 | 109.00 | 124.00 | NOTE | |
r-patched-linux-x86_64 | 1.3-1 | 12.89 | 88.47 | 101.36 | NOTE | |
r-release-linux-x86_64 | 1.3-1 | 10.65 | 89.22 | 99.87 | NOTE | |
r-release-macos-arm64 | 1.3-1 | 44.00 | NOTE | |||
r-release-macos-x86_64 | 1.3-1 | 70.00 | NOTE | |||
r-release-windows-x86_64 | 1.3-1 | 14.00 | 109.00 | 123.00 | NOTE | |
r-oldrel-macos-arm64 | 1.3-1 | 57.00 | OK | |||
r-oldrel-macos-x86_64 | 1.3-1 | 107.00 | OK | |||
r-oldrel-windows-x86_64 | 1.3-1 | 18.00 | 133.00 | 151.00 | OK |
Version: 1.3-1
Check: Rd files
Result: NOTE
checkRd: (-1) WRegTest.Rd:43: Lost braces
43 | For ordinary least squares estimator, \code{psifun} should be the identity function psifun <- function(t){t}.
| ^
Flavors: r-devel-linux-x86_64-debian-clang, r-devel-linux-x86_64-debian-gcc, r-devel-linux-x86_64-fedora-clang, r-devel-linux-x86_64-fedora-gcc, r-devel-windows-x86_64, r-patched-linux-x86_64, r-release-linux-x86_64, r-release-macos-arm64, r-release-macos-x86_64, r-release-windows-x86_64