Last updated on 2024-08-16 09:49:04 CEST.
Flavor | Version | Tinstall | Tcheck | Ttotal | Status | Flags |
---|---|---|---|---|---|---|
r-devel-linux-x86_64-debian-clang | 1.2.5 | 10.99 | 119.15 | 130.14 | NOTE | |
r-devel-linux-x86_64-debian-gcc | 1.2.5 | 8.07 | 84.32 | 92.39 | NOTE | |
r-devel-linux-x86_64-fedora-clang | 1.2.5 | 210.14 | OK | |||
r-devel-linux-x86_64-fedora-gcc | 1.2.5 | 207.44 | OK | |||
r-devel-windows-x86_64 | 1.2.5 | 13.00 | 125.00 | 138.00 | NOTE | |
r-patched-linux-x86_64 | 1.2.5 | 13.89 | 111.01 | 124.90 | OK | |
r-release-linux-x86_64 | 1.2.5 | 9.31 | 111.65 | 120.96 | OK | |
r-release-macos-arm64 | 1.2.5 | 68.00 | OK | |||
r-release-macos-x86_64 | 1.2.5 | 93.00 | OK | |||
r-release-windows-x86_64 | 1.2.5 | 12.00 | 124.00 | 136.00 | OK | |
r-oldrel-macos-arm64 | 1.2.5 | 62.00 | OK | |||
r-oldrel-macos-x86_64 | 1.2.5 | 153.00 | OK | |||
r-oldrel-windows-x86_64 | 1.2.5 | 17.00 | 153.00 | 170.00 | OK |
Version: 1.2.5
Check: Rd cross-references
Result: NOTE
Found the following Rd file(s) with Rd \link{} targets missing package
anchors:
crosstabplot.Rd: mosaic
gelmansim.Rd: sim
moves_calc.Rd: data.table
profpoly.Rd: geom_polygon
profpoly.data.Rd: geom_polygon
theme_dpi.Rd: theme_bw
theme_dpi_map.Rd: theme_bw
theme_dpi_map2.Rd: theme_bw
theme_dpi_mapPNG.Rd: theme_bw
Please provide package anchors for all Rd \link{} targets not in the
package itself and the base packages.
Flavors: r-devel-linux-x86_64-debian-clang, r-devel-linux-x86_64-debian-gcc, r-devel-windows-x86_64