Last updated on 2025-02-17 02:51:08 CET.
Flavor | Version | Tinstall | Tcheck | Ttotal | Status | Flags |
---|---|---|---|---|---|---|
r-devel-linux-x86_64-debian-clang | 2.1.1 | 20.43 | 165.75 | 186.18 | NOTE | |
r-devel-linux-x86_64-debian-gcc | 2.1.1 | 14.39 | 112.62 | 127.01 | NOTE | |
r-devel-linux-x86_64-fedora-clang | 2.1.1 | 297.43 | NOTE | |||
r-devel-linux-x86_64-fedora-gcc | 2.1.1 | 293.53 | NOTE | |||
r-devel-macos-arm64 | 2.1.1 | 130.00 | NOTE | |||
r-devel-macos-x86_64 | 2.1.1 | 409.00 | NOTE | |||
r-devel-windows-x86_64 | 2.1.1 | 30.00 | 209.00 | 239.00 | NOTE | |
r-patched-linux-x86_64 | 2.1.1 | 22.13 | 158.31 | 180.44 | NOTE | |
r-release-linux-x86_64 | 2.1.1 | 20.66 | 163.65 | 184.31 | NOTE | |
r-release-macos-arm64 | 2.1.1 | 110.00 | NOTE | |||
r-release-macos-x86_64 | 2.1.1 | 208.00 | NOTE | |||
r-release-windows-x86_64 | 2.1.1 | 31.00 | 220.00 | 251.00 | NOTE | |
r-oldrel-macos-arm64 | 2.1.1 | 124.00 | OK | |||
r-oldrel-macos-x86_64 | 2.1.1 | 192.00 | OK | |||
r-oldrel-windows-x86_64 | 2.1.1 | 39.00 | 256.00 | 295.00 | OK |
Version: 2.1.1
Check: Rd files
Result: NOTE
checkRd: (-1) transformFitness.Rd:25: Lost braces; missing escapes or markup?
25 | minimization (most others). This function computes a factor from {-1, 1} for
| ^
Flavors: r-devel-linux-x86_64-debian-clang, r-devel-linux-x86_64-debian-gcc, r-devel-linux-x86_64-fedora-clang, r-devel-linux-x86_64-fedora-gcc, r-devel-macos-arm64, r-devel-macos-x86_64, r-devel-windows-x86_64, r-patched-linux-x86_64, r-release-linux-x86_64, r-release-macos-arm64, r-release-macos-x86_64, r-release-windows-x86_64