Last updated on 2024-08-15 20:48:14 CEST.
Flavor | Version | Tinstall | Tcheck | Ttotal | Status | Flags |
---|---|---|---|---|---|---|
r-devel-linux-x86_64-debian-clang | 0.7.0 | 42.20 | 107.76 | 149.96 | OK | |
r-devel-linux-x86_64-debian-gcc | 0.7.0 | 32.93 | 78.68 | 111.61 | OK | |
r-devel-linux-x86_64-fedora-clang | 0.7.0 | 256.58 | OK | |||
r-devel-linux-x86_64-fedora-gcc | 0.7.0 | 256.68 | OK | |||
r-devel-windows-x86_64 | 0.7.0 | 50.00 | 132.00 | 182.00 | OK | |
r-patched-linux-x86_64 | 0.7.0 | 42.69 | 103.14 | 145.83 | OK | |
r-release-linux-x86_64 | 0.7.0 | 43.78 | 102.50 | 146.28 | OK | |
r-release-macos-arm64 | 0.7.0 | 65.00 | NOTE | |||
r-release-macos-x86_64 | 0.7.0 | 92.00 | NOTE | |||
r-release-windows-x86_64 | 0.7.0 | 51.00 | 126.00 | 177.00 | OK | |
r-oldrel-macos-arm64 | 0.7.0 | 78.00 | NOTE | |||
r-oldrel-macos-x86_64 | 0.7.0 | 126.00 | NOTE | |||
r-oldrel-windows-x86_64 | 0.7.0 | 63.00 | 162.00 | 225.00 | OK |
Version: 0.7.0
Check: installed package size
Result: NOTE
installed size is 13.4Mb
sub-directories of 1Mb or more:
libs 13.3Mb
Flavors: r-release-macos-arm64, r-release-macos-x86_64, r-oldrel-macos-arm64, r-oldrel-macos-x86_64