Last updated on 2025-02-17 02:51:08 CET.
Flavor | Version | Tinstall | Tcheck | Ttotal | Status | Flags |
---|---|---|---|---|---|---|
r-devel-linux-x86_64-debian-clang | 1.0.0 | 1.63 | 18.48 | 20.11 | OK | |
r-devel-linux-x86_64-debian-gcc | 1.0.0 | 1.17 | 15.51 | 16.68 | OK | |
r-devel-linux-x86_64-fedora-clang | 1.0.0 | 34.12 | OK | |||
r-devel-linux-x86_64-fedora-gcc | 1.0.0 | 30.31 | OK | |||
r-devel-macos-arm64 | 1.0.0 | 17.00 | OK | |||
r-devel-macos-x86_64 | 1.0.0 | 24.00 | OK | |||
r-devel-windows-x86_64 | 1.0.0 | 2.00 | 54.00 | 56.00 | OK | |
r-patched-linux-x86_64 | 1.0.0 | 1.60 | 17.78 | 19.38 | NOTE | |
r-release-linux-x86_64 | 1.0.0 | 1.58 | 17.59 | 19.17 | NOTE | |
r-release-macos-arm64 | 1.0.0 | 16.00 | NOTE | |||
r-release-macos-x86_64 | 1.0.0 | 26.00 | NOTE | |||
r-release-windows-x86_64 | 1.0.0 | 3.00 | 45.00 | 48.00 | NOTE | |
r-oldrel-macos-arm64 | 1.0.0 | 16.00 | NOTE | |||
r-oldrel-macos-x86_64 | 1.0.0 | 21.00 | NOTE | |||
r-oldrel-windows-x86_64 | 1.0.0 | 3.00 | 71.00 | 74.00 | NOTE |
Version: 1.0.0
Check: LazyData
Result: NOTE
'LazyData' is specified without a 'data' directory
Flavors: r-patched-linux-x86_64, r-release-linux-x86_64, r-release-macos-arm64, r-release-macos-x86_64, r-release-windows-x86_64, r-oldrel-macos-arm64, r-oldrel-macos-x86_64, r-oldrel-windows-x86_64