Last updated on 2024-08-15 20:48:14 CEST.
Flavor | Version | Tinstall | Tcheck | Ttotal | Status | Flags |
---|---|---|---|---|---|---|
r-devel-linux-x86_64-debian-clang | 1.0.3.1 | 7.72 | 25.47 | 33.19 | OK | |
r-devel-linux-x86_64-debian-gcc | 1.0.3.1 | 5.12 | 19.87 | 24.99 | OK | |
r-devel-linux-x86_64-fedora-clang | 1.0.3.1 | 52.39 | NOTE | |||
r-devel-linux-x86_64-fedora-gcc | 1.0.3.1 | 48.57 | OK | |||
r-devel-windows-x86_64 | 1.0.3.1 | 14.00 | 61.00 | 75.00 | NOTE | |
r-patched-linux-x86_64 | 1.0.3.1 | 6.70 | 24.03 | 30.73 | OK | |
r-release-linux-x86_64 | 1.0.3.1 | 5.96 | 24.70 | 30.66 | OK | |
r-release-macos-arm64 | 1.0.3.1 | 25.00 | NOTE | |||
r-release-macos-x86_64 | 1.0.3.1 | 38.00 | NOTE | |||
r-release-windows-x86_64 | 1.0.3.1 | 16.00 | 61.00 | 77.00 | NOTE | |
r-oldrel-macos-arm64 | 1.0.3.1 | 25.00 | NOTE | |||
r-oldrel-macos-x86_64 | 1.0.3.1 | 40.00 | NOTE | |||
r-oldrel-windows-x86_64 | 1.0.3.1 | 15.00 | 70.00 | 85.00 | NOTE |
Version: 1.0.3.1
Check: installed package size
Result: NOTE
installed size is 16.6Mb
sub-directories of 1Mb or more:
include 16.3Mb
Flavors: r-devel-linux-x86_64-fedora-clang, r-devel-windows-x86_64, r-release-macos-arm64, r-release-macos-x86_64, r-release-windows-x86_64, r-oldrel-macos-arm64, r-oldrel-macos-x86_64, r-oldrel-windows-x86_64